{"id":975,"date":"2018-02-27T16:31:09","date_gmt":"2018-02-27T15:31:09","guid":{"rendered":"http:\/\/jkoehler.diskstation.me\/wordpress\/?page_id=975"},"modified":"2019-03-16T14:15:42","modified_gmt":"2019-03-16T13:15:42","slug":"petersburg-07-06-1992","status":"publish","type":"page","link":"http:\/\/jkoehler.diskstation.me\/wordpress\/diaries\/tagebuch-leningrad-st-petersburg-tbilisi-1991-1993\/leningrad-zweiter-anlauf\/petersburg-07-06-1992\/","title":{"rendered":"Petersburg, 07.06.1992: Ermitage, G\u00f6ren, Streeboyskonzert"},"content":{"rendered":"<p>Gestern morgen mit Inna und spinnerter Sportphysiologengruppe in die Ermitage gegangen, um eine Ausstellung von Karti\u00e8 Exponen\u00adten zu sehen. Au\u00dferdem fand ich noch eine Abteilung, in der die Verbindung des Kaukasus zur Seiden\u00adstra\u00dfe dargestellt und erl\u00e4utert wird. Mehrere der vielen Ausweichrouten, die eingeschlagen wurden vor allem dann, wenn der Iran nicht passiert werden konnte, f\u00fchrten durch den Kaukasus. Wenn dem so war, brachte diese Tatsache die Kulturen des Kaukasus in direkten Kontakt mit den Kulturen des Mittel\u00admeerraumes und dem Fernen Osten. Dies manifestierte sich in den Hinterlas\u00adsenschaften der Kaukasischen Kulturen vor allem in der Periode von 700 n.C. bis 1200, also in der Zeit, als die Kiever Russ entstand. \u00dcberhaupt scheint diese Zeit f\u00fcr den \u00f6stlichen Schwarzmeerraum eine sehr mobile gewesen zu sein: Die Christianisierung durch Nino, die griechischen (byzantinischen) Kolonien am Schwarzen Meer, die sich in ihren Interessen nach S\u00fcden aus\u00adrichtende Kiever Russ und der eurasi\u00adsche Waren- und Kulturaustausch \u00fcber die Seidenstra\u00dfe. Au\u00dferdem treffen sich hier mein Interesse f\u00fcr die Nomaden der asiatischen Steppe und Georgien.<\/p>\n<p>Vorgestern kam dann noch irgendwie Lisa mit ihrer g\u00f6renhaften Freundin vorbei, um &#8230;? Die G\u00f6re r\u00e4kelte die ganze Zeit ihre sch\u00f6nen Beine vor meinen etwas irritierten Augen, w\u00e4hrend sie mir erfolglos versuchte die Frage zu beantworten, mit wie vielen M\u00e4nnern sie schon geschlafen h\u00e4tte. Sie ist nicht dumm, aber vulg\u00e4r. Lisa ist (oder: gibt sich) da geheimnisvoller, kann die M\u00e4nner aber auch nicht z\u00e4hlen, &#8220;weil sie sonst kotzen m\u00fc\u00dfte&#8221;. Mir ein kleines Experiment betreffs dieser Selbstdarstellungen erlaubend, zeigte ich ca. 5 sec. k\u00f6rperliches Eingenommensein und sie reagierte tats\u00e4chlich ange\u00adwidert; k\u00fc\u00dfte mich aber so zum interessanten Kontra\u00dft sch\u00fcchtern fl\u00fcchtig im Treppenhaus, w\u00e4hrend ich &#8220;ne icpugajcja&#8221; verlauten lie\u00df.<a href=\"http:\/\/jkoehler.diskstation.me\/wordpress\/wp-content\/uploads\/2018\/02\/IMG195.jpg\"><img loading=\"lazy\" decoding=\"async\" class=\"alignleft size-full wp-image-980\" src=\"http:\/\/jkoehler.diskstation.me\/wordpress\/wp-content\/uploads\/2018\/02\/IMG195.jpg\" alt=\"\" width=\"1000\" height=\"667\" srcset=\"http:\/\/jkoehler.diskstation.me\/wordpress\/wp-content\/uploads\/2018\/02\/IMG195.jpg 1000w, http:\/\/jkoehler.diskstation.me\/wordpress\/wp-content\/uploads\/2018\/02\/IMG195-300x200.jpg 300w, http:\/\/jkoehler.diskstation.me\/wordpress\/wp-content\/uploads\/2018\/02\/IMG195-768x512.jpg 768w\" sizes=\"auto, (max-width: 767px) 89vw, (max-width: 1000px) 54vw, (max-width: 1071px) 543px, 580px\" \/><\/a><\/p>\n<p>&nbsp;<\/p>\n<p>Dann gestern noch Andrjuscha, den frisch aus dem Krankenhaus entlassenden Roma (in das er Zwecks Blutw\u00e4sche gegangen war) und Papa Roma mit ihrer Band bei einem herrlichen Sommerstra\u00dfenauf\u00adtritt auf dem Njevski begleitet. Mehr oder weniger unfreiwillig den Larry gemacht, als ein besinnungslos betrunke\u00adner Penner in seinem Tanzen gesundheitsgef\u00e4hrdend f\u00fcr andere wurde und ihn keiner zu beruhigen vermochte. Ich nahm den kr\u00e4ftigen Arbeiter also wie ein dickes Baby auf den Arm und trug ihn von dannen. Da ich ihm aber keine reingehauen hatte, wurde ich noch nicht einmal zum Held des Tages ernannt und kriegte nur m\u00e4\u00dfigen Applaus und kaum offene Avancen.<a href=\"http:\/\/jkoehler.diskstation.me\/wordpress\/wp-content\/uploads\/2018\/02\/IMG187.jpg\"><img loading=\"lazy\" decoding=\"async\" class=\"alignleft size-full wp-image-981\" src=\"http:\/\/jkoehler.diskstation.me\/wordpress\/wp-content\/uploads\/2018\/02\/IMG187.jpg\" alt=\"\" width=\"1000\" height=\"667\" srcset=\"http:\/\/jkoehler.diskstation.me\/wordpress\/wp-content\/uploads\/2018\/02\/IMG187.jpg 1000w, http:\/\/jkoehler.diskstation.me\/wordpress\/wp-content\/uploads\/2018\/02\/IMG187-300x200.jpg 300w, http:\/\/jkoehler.diskstation.me\/wordpress\/wp-content\/uploads\/2018\/02\/IMG187-768x512.jpg 768w\" sizes=\"auto, (max-width: 767px) 89vw, (max-width: 1000px) 54vw, (max-width: 1071px) 543px, 580px\" \/><\/a><\/p>\n<p>Der Alkoholismus hier ist wirklich ein seltsames Ph\u00e4nomen: In allen Gesell\u00adschaftsschichten (ausgenommen vielleicht der j\u00fcdi\u00adschen Intelligenzija) wird getrunken, um sich zu besaufen &#8211; und nur deswegen. Hauptgrund f\u00fcr den sakucku ist der schlechte Ge\u00adschmack des Wodkas. Es scheint wirklich so, da\u00df der Alkohol hier entscheidend mit zur L\u00e4hmung der Gesellschaft beitr\u00e4gt. Die Kette Soziale Not &#8211; Perspektivenlosigkeit &#8211; Verzweiflung -teurer Alkohol &#8211; Armut setzt hier vielleicht beim Alkohol an.<a href=\"http:\/\/jkoehler.diskstation.me\/wordpress\/wp-content\/uploads\/2018\/02\/IMG229.jpg\"><img loading=\"lazy\" decoding=\"async\" class=\"alignleft size-full wp-image-982\" src=\"http:\/\/jkoehler.diskstation.me\/wordpress\/wp-content\/uploads\/2018\/02\/IMG229.jpg\" alt=\"\" width=\"1000\" height=\"668\" srcset=\"http:\/\/jkoehler.diskstation.me\/wordpress\/wp-content\/uploads\/2018\/02\/IMG229.jpg 1000w, http:\/\/jkoehler.diskstation.me\/wordpress\/wp-content\/uploads\/2018\/02\/IMG229-300x200.jpg 300w, http:\/\/jkoehler.diskstation.me\/wordpress\/wp-content\/uploads\/2018\/02\/IMG229-768x513.jpg 768w\" sizes=\"auto, (max-width: 767px) 89vw, (max-width: 1000px) 54vw, (max-width: 1071px) 543px, 580px\" \/><\/a><\/p>\n<p>&nbsp;<\/p>\n<p>&#8211;&gt; <a href=\"http:\/\/jkoehler.diskstation.me\/wordpress\/diaries\/tagebuch-leningrad-st-petersburg-tbilisi-1991-1993\/leningrad-zweiter-anlauf\/petersburg-08-06-1992\/\">next page<\/a><\/p>\n","protected":false},"excerpt":{"rendered":"<p>Gestern morgen mit Inna und spinnerter Sportphysiologengruppe in die Ermitage gegangen, um eine Ausstellung von Karti\u00e8 Exponen\u00adten zu sehen. Au\u00dferdem fand ich noch eine Abteilung, in der die Verbindung des Kaukasus zur Seiden\u00adstra\u00dfe dargestellt und erl\u00e4utert wird. Mehrere der vielen Ausweichrouten, die eingeschlagen wurden vor allem dann, wenn der Iran nicht passiert werden konnte, f\u00fchrten &hellip; <\/p>\n<p class=\"link-more\"><a href=\"http:\/\/jkoehler.diskstation.me\/wordpress\/diaries\/tagebuch-leningrad-st-petersburg-tbilisi-1991-1993\/leningrad-zweiter-anlauf\/petersburg-07-06-1992\/\" class=\"more-link\">Continue reading<span class=\"screen-reader-text\"> &#8220;Petersburg, 07.06.1992: Ermitage, G\u00f6ren, Streeboyskonzert&#8221;<\/span><\/a><\/p>\n","protected":false},"author":1,"featured_media":978,"parent":587,"menu_order":57,"comment_status":"closed","ping_status":"closed","template":"","meta":{"footnotes":""},"class_list":["post-975","page","type-page","status-publish","has-post-thumbnail","hentry"],"_links":{"self":[{"href":"http:\/\/jkoehler.diskstation.me\/wordpress\/wp-json\/wp\/v2\/pages\/975","targetHints":{"allow":["GET"]}}],"collection":[{"href":"http:\/\/jkoehler.diskstation.me\/wordpress\/wp-json\/wp\/v2\/pages"}],"about":[{"href":"http:\/\/jkoehler.diskstation.me\/wordpress\/wp-json\/wp\/v2\/types\/page"}],"author":[{"embeddable":true,"href":"http:\/\/jkoehler.diskstation.me\/wordpress\/wp-json\/wp\/v2\/users\/1"}],"replies":[{"embeddable":true,"href":"http:\/\/jkoehler.diskstation.me\/wordpress\/wp-json\/wp\/v2\/comments?post=975"}],"version-history":[{"count":5,"href":"http:\/\/jkoehler.diskstation.me\/wordpress\/wp-json\/wp\/v2\/pages\/975\/revisions"}],"predecessor-version":[{"id":1866,"href":"http:\/\/jkoehler.diskstation.me\/wordpress\/wp-json\/wp\/v2\/pages\/975\/revisions\/1866"}],"up":[{"embeddable":true,"href":"http:\/\/jkoehler.diskstation.me\/wordpress\/wp-json\/wp\/v2\/pages\/587"}],"wp:featuredmedia":[{"embeddable":true,"href":"http:\/\/jkoehler.diskstation.me\/wordpress\/wp-json\/wp\/v2\/media\/978"}],"wp:attachment":[{"href":"http:\/\/jkoehler.diskstation.me\/wordpress\/wp-json\/wp\/v2\/media?parent=975"}],"curies":[{"name":"wp","href":"https:\/\/api.w.org\/{rel}","templated":true}]}}