{"id":934,"date":"2018-02-26T21:54:43","date_gmt":"2018-02-26T20:54:43","guid":{"rendered":"http:\/\/jkoehler.diskstation.me\/wordpress\/?page_id=934"},"modified":"2019-03-16T14:15:41","modified_gmt":"2019-03-16T13:15:41","slug":"petersburg-25-05-1992","status":"publish","type":"page","link":"http:\/\/jkoehler.diskstation.me\/wordpress\/diaries\/tagebuch-leningrad-st-petersburg-tbilisi-1991-1993\/leningrad-zweiter-anlauf\/petersburg-25-05-1992\/","title":{"rendered":"Petersburg, 25.05.1992: Sterbenskranke Tante von Dato"},"content":{"rendered":"<p>Mit Inna bei Krebskranker Tante Dantons gewesen. Im \u00d6ffnen der T\u00fcr piepste sie: &#8220;kak ja ctala mjortwaja&#8221; und Tr\u00e4nen rollten prompt. Sie hat Krebs im vierten Stadium, kann kaum noch auf die Stra\u00dfe gehen, hat sich schon ganz aufgegeben und vegetiert am Telephon hockend, eingekeilt zwischen laufendem Fernseher und Radio in Sterbensangst dahin. Sie war derart wenig pr\u00e4tenti\u00f6s in ihrer Verzweiflung, da\u00df ihre Gegenwart nur mit Zynismus ertr\u00e4glich war.<\/p>\n<p>&#8211;&gt; <a href=\"http:\/\/jkoehler.diskstation.me\/wordpress\/diaries\/tagebuch-leningrad-st-petersburg-tbilisi-1991-1993\/leningrad-zweiter-anlauf\/petersburg-26-05-1992\/\">next page<\/a><\/p>\n","protected":false},"excerpt":{"rendered":"<p>Mit Inna bei Krebskranker Tante Dantons gewesen. Im \u00d6ffnen der T\u00fcr piepste sie: &#8220;kak ja ctala mjortwaja&#8221; und Tr\u00e4nen rollten prompt. Sie hat Krebs im vierten Stadium, kann kaum noch auf die Stra\u00dfe gehen, hat sich schon ganz aufgegeben und vegetiert am Telephon hockend, eingekeilt zwischen laufendem Fernseher und Radio in Sterbensangst dahin. Sie war &hellip; <\/p>\n<p class=\"link-more\"><a href=\"http:\/\/jkoehler.diskstation.me\/wordpress\/diaries\/tagebuch-leningrad-st-petersburg-tbilisi-1991-1993\/leningrad-zweiter-anlauf\/petersburg-25-05-1992\/\" class=\"more-link\">Continue reading<span class=\"screen-reader-text\"> &#8220;Petersburg, 25.05.1992: Sterbenskranke Tante von Dato&#8221;<\/span><\/a><\/p>\n","protected":false},"author":1,"featured_media":0,"parent":587,"menu_order":50,"comment_status":"closed","ping_status":"closed","template":"","meta":{"footnotes":""},"class_list":["post-934","page","type-page","status-publish","hentry"],"_links":{"self":[{"href":"http:\/\/jkoehler.diskstation.me\/wordpress\/wp-json\/wp\/v2\/pages\/934","targetHints":{"allow":["GET"]}}],"collection":[{"href":"http:\/\/jkoehler.diskstation.me\/wordpress\/wp-json\/wp\/v2\/pages"}],"about":[{"href":"http:\/\/jkoehler.diskstation.me\/wordpress\/wp-json\/wp\/v2\/types\/page"}],"author":[{"embeddable":true,"href":"http:\/\/jkoehler.diskstation.me\/wordpress\/wp-json\/wp\/v2\/users\/1"}],"replies":[{"embeddable":true,"href":"http:\/\/jkoehler.diskstation.me\/wordpress\/wp-json\/wp\/v2\/comments?post=934"}],"version-history":[{"count":3,"href":"http:\/\/jkoehler.diskstation.me\/wordpress\/wp-json\/wp\/v2\/pages\/934\/revisions"}],"predecessor-version":[{"id":1852,"href":"http:\/\/jkoehler.diskstation.me\/wordpress\/wp-json\/wp\/v2\/pages\/934\/revisions\/1852"}],"up":[{"embeddable":true,"href":"http:\/\/jkoehler.diskstation.me\/wordpress\/wp-json\/wp\/v2\/pages\/587"}],"wp:attachment":[{"href":"http:\/\/jkoehler.diskstation.me\/wordpress\/wp-json\/wp\/v2\/media?parent=934"}],"curies":[{"name":"wp","href":"https:\/\/api.w.org\/{rel}","templated":true}]}}