{"id":666,"date":"2018-01-30T11:30:44","date_gmt":"2018-01-30T10:30:44","guid":{"rendered":"http:\/\/jkoehler.diskstation.me\/wordpress\/?page_id=666"},"modified":"2019-03-16T14:15:39","modified_gmt":"2019-03-16T13:15:39","slug":"petersburg-31-01-1992","status":"publish","type":"page","link":"http:\/\/jkoehler.diskstation.me\/wordpress\/diaries\/tagebuch-leningrad-st-petersburg-tbilisi-1991-1993\/leningrad-zweiter-anlauf\/petersburg-31-01-1992\/","title":{"rendered":"Petersburg, 31.01.1992: Russkij Eros &#038; Erwartungsmanagement"},"content":{"rendered":"<p>Irina wiedergetroffen. Kommunikation klappte ganz gut, nur k\u00f6nnte sie mir eine verdammte Diva werden. Irgendwie schien sie vor allem zu absahnen vorbeigekommen zu sein. Kann mich aber auch irren.<\/p>\n<p>Auf jeden Fall verfing ich mich soweit in meinen Worten der Selbstdarstellung, da\u00df ich mich gen\u00f6tigt sah, ihr mein Araber-Tuch, das urspr\u00fcnglich zwar auch f\u00fcr sie gekauft war, zu schenken. Danach schien sie etwas bes\u00e4nftigt; meine Body Shop Klamotten schien sie nicht besonders zu w\u00fcrdigen &#8211; ich h\u00e4tte die Zahnpasteraktion bedenken sollen&#8230; .<\/p>\n<p>Au\u00dferdem traf ich die verklemmte, bem\u00fchte Svjetlana und Elena wieder. Letztere erinnert mich in ihrer ausdrucksstarken Mimik, mit der sie kunstvoll gesetzte Pausen f\u00fcllt, etwas an Alishia. Sie ist sehr aufgeweckt und im Umgang mit ihr wirkt sie auf mich anregend.<\/p>\n<p>Wir gingen zun\u00e4chst in eine russ.orthodoxe Kirche, in der Einzahlungs-quittungen neben k\u00e4uflichen Kerzen unter einer Ikone ausgestellt waren&#8230; . Auf mich st\u00fcrmte \u00e4u\u00dferst unfreundlich ein Pater los und gebot mir meine Handschuhe auszuziehen. Es viel ihm auch nicht ein mich an seiner N\u00e4chstenliebe teilhaben zu lassen, als ich mich schnurstracks entschuldigte.<\/p>\n<p>Abends gingen wir dann zu mir nach Hause und unterhielten uns \u00fcber Sex. Elena bedauerte die in Ru\u00dfland g\u00e4ngige, \u00e4u\u00dferst verklemmte Erziehung offen, Svetlana steuerte zu dem Gespr\u00e4ch vor allem die Light-Show und gelegentliche Ger\u00e4usche der Zustimmung bei.<\/p>\n<p>Folgende Zust\u00e4nde sind hier Usus:<\/p>\n<p style=\"padding-left: 30px;\">&#8211; Kinder werden nicht aufgekl\u00e4rt<\/p>\n<p style=\"padding-left: 30px;\">&#8211; Sexualit\u00e4t ist in der Familie ein Tabou, \u00fcber das nicht gesprochen wird<\/p>\n<p style=\"padding-left: 30px;\">&#8211; das Vorhandensein von Geschlechtsorganen wird insofern verleugnet, als da\u00df sie weder sprachliche Ber\u00fccksichtigung finden, noch gezeigt werden (hier sieht irgendwie kein Kind die Eltern nackt &#8211; zumindest nicht das andersgeschlechtliche Elternteil)<\/p>\n<p style=\"padding-left: 30px;\">&#8211; die Aufkl\u00e4rung findet auf der Stra\u00dfe, oder f\u00fcr interessierte in der Bibliothek bei der Lekt\u00fcre von Fachliteratur statt.<\/p>\n<p>Aleksander geht ja auch immer noch davon aus, da\u00df Frauen mir stante pede die Freundschaft k\u00fcndigen w\u00fcrden, wenn ich mich vor ihren unbedarften Augen umz\u00f6ge. Habe ich bisher bei meinem normal-nordeurop\u00e4ischen Verhalten allerdings nicht feststellen k\u00f6nnen.<\/p>\n<p>Ich habe jetzt sicherheitshalber auf jeden Fall erst einmal ein russisches Buch \u00fcber <em>Russkij Eros<\/em>, ein englisches und ein deutsches Lehrbuch \u00fcber Sexualwissenschaften gekauft &#8211; letzteres reich mit guten Fotografien versehen. Den Stunt mu\u00df ich mir geben &#8211; meine zustande kommende Bibliothek wird hier immer gleich nach den Photographien durchgesehen.<\/p>\n<p>Mit den beiden M\u00e4dels werde ich jetzt auf Initiative von Elena jeden Sonntag zum Martine russisch\/deutsches Sprach- und Literaturtraining machen. Au\u00dferdem wollen wir Pizza backen.<\/p>\n<p>&nbsp;<\/p>\n<p>&#8211;&gt; <a href=\"http:\/\/jkoehler.diskstation.me\/wordpress\/diaries\/tagebuch-leningrad-st-petersburg-tbilisi-1991-1993\/leningrad-zweiter-anlauf\/petersburg-03-02-1992\/\">next page<\/a><\/p>\n","protected":false},"excerpt":{"rendered":"<p>Irina wiedergetroffen. Kommunikation klappte ganz gut, nur k\u00f6nnte sie mir eine verdammte Diva werden. Irgendwie schien sie vor allem zu absahnen vorbeigekommen zu sein. Kann mich aber auch irren. Auf jeden Fall verfing ich mich soweit in meinen Worten der Selbstdarstellung, da\u00df ich mich gen\u00f6tigt sah, ihr mein Araber-Tuch, das urspr\u00fcnglich zwar auch f\u00fcr sie &hellip; <\/p>\n<p class=\"link-more\"><a href=\"http:\/\/jkoehler.diskstation.me\/wordpress\/diaries\/tagebuch-leningrad-st-petersburg-tbilisi-1991-1993\/leningrad-zweiter-anlauf\/petersburg-31-01-1992\/\" class=\"more-link\">Continue reading<span class=\"screen-reader-text\"> &#8220;Petersburg, 31.01.1992: Russkij Eros &#038; Erwartungsmanagement&#8221;<\/span><\/a><\/p>\n","protected":false},"author":1,"featured_media":700,"parent":587,"menu_order":15,"comment_status":"closed","ping_status":"closed","template":"","meta":{"footnotes":""},"class_list":["post-666","page","type-page","status-publish","has-post-thumbnail","hentry"],"_links":{"self":[{"href":"http:\/\/jkoehler.diskstation.me\/wordpress\/wp-json\/wp\/v2\/pages\/666","targetHints":{"allow":["GET"]}}],"collection":[{"href":"http:\/\/jkoehler.diskstation.me\/wordpress\/wp-json\/wp\/v2\/pages"}],"about":[{"href":"http:\/\/jkoehler.diskstation.me\/wordpress\/wp-json\/wp\/v2\/types\/page"}],"author":[{"embeddable":true,"href":"http:\/\/jkoehler.diskstation.me\/wordpress\/wp-json\/wp\/v2\/users\/1"}],"replies":[{"embeddable":true,"href":"http:\/\/jkoehler.diskstation.me\/wordpress\/wp-json\/wp\/v2\/comments?post=666"}],"version-history":[{"count":3,"href":"http:\/\/jkoehler.diskstation.me\/wordpress\/wp-json\/wp\/v2\/pages\/666\/revisions"}],"predecessor-version":[{"id":1795,"href":"http:\/\/jkoehler.diskstation.me\/wordpress\/wp-json\/wp\/v2\/pages\/666\/revisions\/1795"}],"up":[{"embeddable":true,"href":"http:\/\/jkoehler.diskstation.me\/wordpress\/wp-json\/wp\/v2\/pages\/587"}],"wp:featuredmedia":[{"embeddable":true,"href":"http:\/\/jkoehler.diskstation.me\/wordpress\/wp-json\/wp\/v2\/media\/700"}],"wp:attachment":[{"href":"http:\/\/jkoehler.diskstation.me\/wordpress\/wp-json\/wp\/v2\/media?parent=666"}],"curies":[{"name":"wp","href":"https:\/\/api.w.org\/{rel}","templated":true}]}}