{"id":587,"date":"2018-01-29T16:30:46","date_gmt":"2018-01-29T15:30:46","guid":{"rendered":"http:\/\/jkoehler.diskstation.me\/wordpress\/?page_id=587"},"modified":"2024-02-07T07:30:11","modified_gmt":"2024-02-07T06:30:11","slug":"leningrad-zweiter-anlauf","status":"publish","type":"page","link":"http:\/\/jkoehler.diskstation.me\/wordpress\/diaries\/tagebuch-leningrad-st-petersburg-tbilisi-1991-1993\/leningrad-zweiter-anlauf\/","title":{"rendered":"Leningrad: Zweiter Anlauf"},"content":{"rendered":"<ul>\n<li>Untergang der Sowjetunion (kommt nicht vor)<\/li>\n<li>Moskaureisen<\/li>\n<li>Freundeskreise entstehen<\/li>\n<li>Neue Liebe<\/li>\n<li>Reise nach Riga<\/li>\n<li>Reise nach Tbilisi<\/li>\n<li>Erste Runde G\u00e4ste aus Deutschland<\/li>\n<\/ul>\n<p>&#8211;&gt; <a href=\"http:\/\/jkoehler.diskstation.me\/wordpress\/diaries\/tagebuch-leningrad-st-petersburg-tbilisi-1991-1993\/leningrad-zweiter-anlauf\/leningrad-30-12-1991\/\">zum Tagebuch<\/a><\/p>\n<p>&#8211;&gt; zum Einstiegsfilm (Super 8 von Stephan Abry, September 1992)<br \/>\n<iframe loading=\"lazy\" src=\"https:\/\/player.vimeo.com\/video\/260496993\" width=\"640\" height=\"460\" frameborder=\"0\" allowfullscreen=\"allowfullscreen\"><\/iframe>Struktur der Tagebuchsektion (in Teilen passwortgesch\u00fctzt)<\/p>\n\n<!-- Page-list plugin v.5.9 wordpress.org\/plugins\/page-list\/ -->\n<ul class=\"page-list subpages-page-list \">\n<li class=\"page_item page-item-594\"><a href=\"http:\/\/jkoehler.diskstation.me\/wordpress\/diaries\/tagebuch-leningrad-st-petersburg-tbilisi-1991-1993\/leningrad-zweiter-anlauf\/leningrad-30-12-1991\/\">Leningrad, 30.12.1991: Weihnachten D\u00f6hle, fremder Abschied Berlin<\/a><\/li>\n<li class=\"page_item page-item-608\"><a href=\"http:\/\/jkoehler.diskstation.me\/wordpress\/diaries\/tagebuch-leningrad-st-petersburg-tbilisi-1991-1993\/leningrad-zweiter-anlauf\/leningrad-31-12-1991\/\">Leningrad, 31.12.1991: Sasha &#038; BM, optimism<\/a><\/li>\n<li class=\"page_item page-item-612\"><a href=\"http:\/\/jkoehler.diskstation.me\/wordpress\/diaries\/tagebuch-leningrad-st-petersburg-tbilisi-1991-1993\/leningrad-zweiter-anlauf\/petersburg-01-01-1992\/\">Petersburg, 01.01.1992: Krank sinnierend \u00fcber das B\u00f6se in mir<\/a><\/li>\n<li class=\"page_item page-item-620\"><a href=\"http:\/\/jkoehler.diskstation.me\/wordpress\/diaries\/tagebuch-leningrad-st-petersburg-tbilisi-1991-1993\/leningrad-zweiter-anlauf\/petersburg-02-01-1992\/\">Petersburg, 02.01.1992: Geschichten aus Zentralasien und den USA<\/a><\/li>\n<li class=\"page_item page-item-630\"><a href=\"http:\/\/jkoehler.diskstation.me\/wordpress\/diaries\/tagebuch-leningrad-st-petersburg-tbilisi-1991-1993\/leningrad-zweiter-anlauf\/petersburg-04-01-1992\/\">Petersburg, 04.01.1992: Grippe<\/a><\/li>\n<li class=\"page_item page-item-634\"><a href=\"http:\/\/jkoehler.diskstation.me\/wordpress\/diaries\/tagebuch-leningrad-st-petersburg-tbilisi-1991-1993\/leningrad-zweiter-anlauf\/petersburg-05-01-1992\/\">Petersburg, 05.01.1992: Kindheitsgef\u00fchle<\/a><\/li>\n<li class=\"page_item page-item-637\"><a href=\"http:\/\/jkoehler.diskstation.me\/wordpress\/diaries\/tagebuch-leningrad-st-petersburg-tbilisi-1991-1993\/leningrad-zweiter-anlauf\/petersburg-07-01-1992\/\">Petersburg, 07.01.1992: Trampgeschichten &#038; Moskau Putsch<\/a><\/li>\n<li class=\"page_item page-item-643\"><a href=\"http:\/\/jkoehler.diskstation.me\/wordpress\/diaries\/tagebuch-leningrad-st-petersburg-tbilisi-1991-1993\/leningrad-zweiter-anlauf\/moskau-11-01-1992\/\">Moskau, 11.01.1992: Zukunftspl\u00e4ne und Moskaureise<\/a><\/li>\n<li class=\"page_item page-item-645\"><a href=\"http:\/\/jkoehler.diskstation.me\/wordpress\/diaries\/tagebuch-leningrad-st-petersburg-tbilisi-1991-1993\/leningrad-zweiter-anlauf\/moskau-12-01-1992\/\">Moskau, 12.01.1992: Eindr\u00fccke<\/a><\/li>\n<li class=\"page_item page-item-649\"><a href=\"http:\/\/jkoehler.diskstation.me\/wordpress\/diaries\/tagebuch-leningrad-st-petersburg-tbilisi-1991-1993\/leningrad-zweiter-anlauf\/petersburg-20-01-1992\/\">Petersburg, 20.01.1992: Stra\u00dfenimpressionen, Russischunterricht<\/a><\/li>\n<li class=\"page_item page-item-653\"><a href=\"http:\/\/jkoehler.diskstation.me\/wordpress\/diaries\/tagebuch-leningrad-st-petersburg-tbilisi-1991-1993\/leningrad-zweiter-anlauf\/petersburg-23-01-1992\/\">Petersburg, 23.01.1992: Kontaktaufnahme Wissenschaft \/ Ethnologie<\/a><\/li>\n<li class=\"page_item page-item-656\"><a href=\"http:\/\/jkoehler.diskstation.me\/wordpress\/diaries\/tagebuch-leningrad-st-petersburg-tbilisi-1991-1993\/leningrad-zweiter-anlauf\/petersburg-25-01-1992\/\">Petersburg, 25.01.1992: Cruising in der Philharmonie; Geschichten<\/a><\/li>\n<li class=\"page_item page-item-660\"><a href=\"http:\/\/jkoehler.diskstation.me\/wordpress\/diaries\/tagebuch-leningrad-st-petersburg-tbilisi-1991-1993\/leningrad-zweiter-anlauf\/pertersburg-27-01-1992\/\">Pertersburg, 27.01.1992: Blickfang<\/a><\/li>\n<li class=\"page_item page-item-664\"><a href=\"http:\/\/jkoehler.diskstation.me\/wordpress\/diaries\/tagebuch-leningrad-st-petersburg-tbilisi-1991-1993\/leningrad-zweiter-anlauf\/petersburg-29-01-1991\/\">Petersburg, 29.01.1992: Bernd und Tagebuch<\/a><\/li>\n<li class=\"page_item page-item-666\"><a href=\"http:\/\/jkoehler.diskstation.me\/wordpress\/diaries\/tagebuch-leningrad-st-petersburg-tbilisi-1991-1993\/leningrad-zweiter-anlauf\/petersburg-31-01-1992\/\">Petersburg, 31.01.1992: Russkij Eros &#038; Erwartungsmanagement<\/a><\/li>\n<li class=\"page_item page-item-715\"><a href=\"http:\/\/jkoehler.diskstation.me\/wordpress\/diaries\/tagebuch-leningrad-st-petersburg-tbilisi-1991-1993\/leningrad-zweiter-anlauf\/petersburg-03-02-1992\/\">Petersburg, 03.02.1992: Literatur, Fotos &#038; Sashas Abgleiten in die Orthodoxie<\/a><\/li>\n<li class=\"page_item page-item-721\"><a href=\"http:\/\/jkoehler.diskstation.me\/wordpress\/diaries\/tagebuch-leningrad-st-petersburg-tbilisi-1991-1993\/leningrad-zweiter-anlauf\/petersburg-04-02-1992\/\">Petersburg, 04.02.1992: freie Sch\u00f6nheit, Unmut, Orthodoxie<\/a><\/li>\n<li class=\"page_item page-item-726\"><a href=\"http:\/\/jkoehler.diskstation.me\/wordpress\/diaries\/tagebuch-leningrad-st-petersburg-tbilisi-1991-1993\/leningrad-zweiter-anlauf\/petersburg-05-02-1992\/\">Petersburg, 05.02.1992: Stra\u00dfenbeobachtungen; Unmut; Sashas Deutschlandpl\u00e4ne<\/a><\/li>\n<li class=\"page_item page-item-729\"><a href=\"http:\/\/jkoehler.diskstation.me\/wordpress\/diaries\/tagebuch-leningrad-st-petersburg-tbilisi-1991-1993\/leningrad-zweiter-anlauf\/petersburg-06-02-1992\/\">Petersburg, 06.02.1992: unspezifische Fr\u00fchlingsgef\u00fchle<\/a><\/li>\n<li class=\"page_item page-item-732\"><a href=\"http:\/\/jkoehler.diskstation.me\/wordpress\/diaries\/tagebuch-leningrad-st-petersburg-tbilisi-1991-1993\/leningrad-zweiter-anlauf\/petersburg-09-02-1992\/\">Petersburg, 09.02.1992: Streeboys, Selbstzweifel &#038; Auktion<\/a><\/li>\n<li class=\"page_item page-item-737\"><a href=\"http:\/\/jkoehler.diskstation.me\/wordpress\/diaries\/tagebuch-leningrad-st-petersburg-tbilisi-1991-1993\/leningrad-zweiter-anlauf\/petersburg-10-02-1992\/\">Petersburg, 10.02.1992: Melancholie<\/a><\/li>\n<li class=\"page_item page-item-739\"><a href=\"http:\/\/jkoehler.diskstation.me\/wordpress\/diaries\/tagebuch-leningrad-st-petersburg-tbilisi-1991-1993\/leningrad-zweiter-anlauf\/petersburg-11-02-1992\/\">Petersburg, 11.02.1992: Besuch bei BM; Zweifel; Jazzclub<\/a><\/li>\n<li class=\"page_item page-item-742\"><a href=\"http:\/\/jkoehler.diskstation.me\/wordpress\/diaries\/tagebuch-leningrad-st-petersburg-tbilisi-1991-1993\/leningrad-zweiter-anlauf\/petersburg-13-02-1992\/\">Petersburg, 13.02.1992: Das f\u00fcnfte Siegel<\/a><\/li>\n<li class=\"page_item page-item-746\"><a href=\"http:\/\/jkoehler.diskstation.me\/wordpress\/diaries\/tagebuch-leningrad-st-petersburg-tbilisi-1991-1993\/leningrad-zweiter-anlauf\/petersburg-19-02-1992\/\">Petersburg, 19.02.1992: Andrusha, Avia, Auktion &#038; Poslednij Chance<\/a><\/li>\n<li class=\"page_item page-item-774\"><a href=\"http:\/\/jkoehler.diskstation.me\/wordpress\/diaries\/tagebuch-leningrad-st-petersburg-tbilisi-1991-1993\/leningrad-zweiter-anlauf\/petersburg-22-02-1992\/\">Petersburg, 22.02.1992: Inna auf Dimas Ausstellung kennengelernt<\/a><\/li>\n<li class=\"page_item page-item-778\"><a href=\"http:\/\/jkoehler.diskstation.me\/wordpress\/diaries\/tagebuch-leningrad-st-petersburg-tbilisi-1991-1993\/leningrad-zweiter-anlauf\/petersburg-25-02-1992\/\">Petersburg, 25.02.1992: Verf\u00fchrung<\/a><\/li>\n<li class=\"page_item page-item-788\"><a href=\"http:\/\/jkoehler.diskstation.me\/wordpress\/diaries\/tagebuch-leningrad-st-petersburg-tbilisi-1991-1993\/leningrad-zweiter-anlauf\/petersburg-28-02-1992\/\">Petersburg, 28.02.1992: Triebkraft &#038; Lehre<\/a><\/li>\n<li class=\"page_item page-item-795\"><a href=\"http:\/\/jkoehler.diskstation.me\/wordpress\/diaries\/tagebuch-leningrad-st-petersburg-tbilisi-1991-1993\/leningrad-zweiter-anlauf\/petersburg-04-03-1992\/\">Petersburg, 04.03.1992: Inna in Pushkin &#038; BM in Kamarova<\/a><\/li>\n<li class=\"page_item page-item-799\"><a href=\"http:\/\/jkoehler.diskstation.me\/wordpress\/diaries\/tagebuch-leningrad-st-petersburg-tbilisi-1991-1993\/leningrad-zweiter-anlauf\/petersburg-06-03-1992\/\">Petersburg, 06.03.1992: Sackgasse der Hilflosigkeit<\/a><\/li>\n<li class=\"page_item page-item-802\"><a href=\"http:\/\/jkoehler.diskstation.me\/wordpress\/diaries\/tagebuch-leningrad-st-petersburg-tbilisi-1991-1993\/leningrad-zweiter-anlauf\/petersburg-10-03-1992\/\">Petersburg, 10.03.1992: Schattenj\u00e4ger, Inna, Sprachunterricht und Sashas Religion<\/a><\/li>\n<li class=\"page_item page-item-807\"><a href=\"http:\/\/jkoehler.diskstation.me\/wordpress\/diaries\/tagebuch-leningrad-st-petersburg-tbilisi-1991-1993\/leningrad-zweiter-anlauf\/petersburg-18-03-1992\/\">Petersburg, 18.03.1992: Eisdiele, M\u00e4nner aus der Sicht der Frauen, Tallin und Riga mit Inna<\/a><\/li>\n<li class=\"page_item page-item-810\"><a href=\"http:\/\/jkoehler.diskstation.me\/wordpress\/diaries\/tagebuch-leningrad-st-petersburg-tbilisi-1991-1993\/leningrad-zweiter-anlauf\/petersburg-20-03-1992\/\">Petersburg, 20.03.1992: K\u00f6rperliche Liebe &#038; deren T\u00fccke<\/a><\/li>\n<li class=\"page_item page-item-832\"><a href=\"http:\/\/jkoehler.diskstation.me\/wordpress\/diaries\/tagebuch-leningrad-st-petersburg-tbilisi-1991-1993\/leningrad-zweiter-anlauf\/petersburg-23-03-1992\/\">Petersburg, 23.03.1992: selbstverkr\u00fcmmte Offenheit &#038; Pontius Pilatus Syndrom<\/a><\/li>\n<li class=\"page_item page-item-836\"><a href=\"http:\/\/jkoehler.diskstation.me\/wordpress\/diaries\/tagebuch-leningrad-st-petersburg-tbilisi-1991-1993\/leningrad-zweiter-anlauf\/pjoter-27-03-1992\/\">Piter, 27.03.1992: Innas &#8220;so long&#8221; &#038; Irinas Abstauben; schwule Party bei G\u00fclia<\/a><\/li>\n<li class=\"page_item page-item-848\"><a href=\"http:\/\/jkoehler.diskstation.me\/wordpress\/diaries\/tagebuch-leningrad-st-petersburg-tbilisi-1991-1993\/leningrad-zweiter-anlauf\/petersburg-28-02-1992-2\/\">Petersburg, 28.03.1992: Vers\u00f6hnung<\/a><\/li>\n<li class=\"page_item page-item-860\"><a href=\"http:\/\/jkoehler.diskstation.me\/wordpress\/diaries\/tagebuch-leningrad-st-petersburg-tbilisi-1991-1993\/leningrad-zweiter-anlauf\/peter-02-04-1992\/\">Peter, 02.04.1992: Hormonanfall<\/a><\/li>\n<li class=\"page_item page-item-868\"><a href=\"http:\/\/jkoehler.diskstation.me\/wordpress\/diaries\/tagebuch-leningrad-st-petersburg-tbilisi-1991-1993\/leningrad-zweiter-anlauf\/peter-07-04-1992\/\">Peter, 07.04.1992: Maries Ankunft<\/a><\/li>\n<li class=\"page_item page-item-874\"><a href=\"http:\/\/jkoehler.diskstation.me\/wordpress\/diaries\/tagebuch-leningrad-st-petersburg-tbilisi-1991-1993\/leningrad-zweiter-anlauf\/piter-13-04-1992\/\">Piter, 13.04.1992: Moskau, Tod und Underground<\/a><\/li>\n<li class=\"page_item page-item-878\"><a href=\"http:\/\/jkoehler.diskstation.me\/wordpress\/diaries\/tagebuch-leningrad-st-petersburg-tbilisi-1991-1993\/leningrad-zweiter-anlauf\/piter-14-04-1992\/\">Piter, 14.04.1992: Gefahr &#038; Vitalis Tr\u00f6pfcheninsamination<\/a><\/li>\n<li class=\"page_item page-item-881\"><a href=\"http:\/\/jkoehler.diskstation.me\/wordpress\/diaries\/tagebuch-leningrad-st-petersburg-tbilisi-1991-1993\/leningrad-zweiter-anlauf\/piter-18-04-1992\/\">Piter, 18.04.1992: Marie Abschied<\/a><\/li>\n<li class=\"page_item page-item-885\"><a href=\"http:\/\/jkoehler.diskstation.me\/wordpress\/diaries\/tagebuch-leningrad-st-petersburg-tbilisi-1991-1993\/leningrad-zweiter-anlauf\/piter-25-04-1992\/\">Piter, 25.04.1992: Gedankenfetzen und noch einmal Moskau; Sasha<\/a><\/li>\n<li class=\"page_item page-item-899\"><a href=\"http:\/\/jkoehler.diskstation.me\/wordpress\/diaries\/tagebuch-leningrad-st-petersburg-tbilisi-1991-1993\/leningrad-zweiter-anlauf\/petersburg-27-04-1992\/\">Petersburg, 27.04.1992: Orthodoxie &#038; Wege zu Gott<\/a><\/li>\n<li class=\"page_item page-item-913\"><a href=\"http:\/\/jkoehler.diskstation.me\/wordpress\/diaries\/tagebuch-leningrad-st-petersburg-tbilisi-1991-1993\/leningrad-zweiter-anlauf\/petersburg-28-04-1992\/\">Petersburg, 28.04.1992: Cry baby<\/a><\/li>\n<li class=\"page_item page-item-905\"><a href=\"http:\/\/jkoehler.diskstation.me\/wordpress\/diaries\/tagebuch-leningrad-st-petersburg-tbilisi-1991-1993\/leningrad-zweiter-anlauf\/petersburg-29-04-1992\/\">Petersburg, 29.04.1992: Todestraum Opa S\u00fcttorf<\/a><\/li>\n<li class=\"page_item page-item-909\"><a href=\"http:\/\/jkoehler.diskstation.me\/wordpress\/diaries\/tagebuch-leningrad-st-petersburg-tbilisi-1991-1993\/leningrad-zweiter-anlauf\/petersburg-30-04-1992\/\">Petersburg, 30.04.1992: Tr\u00e4ume von Gewalt und Ende; Flashback K\u00f6ln<\/a><\/li>\n<li class=\"page_item page-item-921\"><a href=\"http:\/\/jkoehler.diskstation.me\/wordpress\/diaries\/tagebuch-leningrad-st-petersburg-tbilisi-1991-1993\/leningrad-zweiter-anlauf\/petersburg-01-05-1992\/\">Petersburg, 01.05.1992: Meister Eckert<\/a><\/li>\n<li class=\"page_item page-item-924\"><a href=\"http:\/\/jkoehler.diskstation.me\/wordpress\/diaries\/tagebuch-leningrad-st-petersburg-tbilisi-1991-1993\/leningrad-zweiter-anlauf\/petersburg-02-05-1992\/\">Petersburg, 02.05.1992: Imperium der Sinne<\/a><\/li>\n<li class=\"page_item page-item-928\"><a href=\"http:\/\/jkoehler.diskstation.me\/wordpress\/diaries\/tagebuch-leningrad-st-petersburg-tbilisi-1991-1993\/leningrad-zweiter-anlauf\/petersburg-20-05-1992\/\">Petersburg, 20.05.1992: Georgienreise mit Inna<\/a><\/li>\n<li class=\"page_item page-item-931\"><a href=\"http:\/\/jkoehler.diskstation.me\/wordpress\/diaries\/tagebuch-leningrad-st-petersburg-tbilisi-1991-1993\/leningrad-zweiter-anlauf\/petersburg-21-05-1992\/\">Petersburg, 21.05.1992: Inna &#038; Georgien<\/a><\/li>\n<li class=\"page_item page-item-934\"><a href=\"http:\/\/jkoehler.diskstation.me\/wordpress\/diaries\/tagebuch-leningrad-st-petersburg-tbilisi-1991-1993\/leningrad-zweiter-anlauf\/petersburg-25-05-1992\/\">Petersburg, 25.05.1992: Sterbenskranke Tante von Dato<\/a><\/li>\n<li class=\"page_item page-item-947\"><a href=\"http:\/\/jkoehler.diskstation.me\/wordpress\/diaries\/tagebuch-leningrad-st-petersburg-tbilisi-1991-1993\/leningrad-zweiter-anlauf\/petersburg-26-05-1992\/\">Petersburg, 26.05.1992: Sasha Zappa Zap<\/a><\/li>\n<li class=\"page_item page-item-950\"><a href=\"http:\/\/jkoehler.diskstation.me\/wordpress\/diaries\/tagebuch-leningrad-st-petersburg-tbilisi-1991-1993\/leningrad-zweiter-anlauf\/petersburg-28-05-1992\/\">Petersburg, 28.05.1992: Mafia als strukturgebende Gewalt; Mahlers 2. Symphonie<\/a><\/li>\n<li class=\"page_item page-item-952\"><a href=\"http:\/\/jkoehler.diskstation.me\/wordpress\/diaries\/tagebuch-leningrad-st-petersburg-tbilisi-1991-1993\/leningrad-zweiter-anlauf\/petersburg-30-05-1992\/\">Petersburg, 30.05.1992: Nomaden &#038; Byzanz<\/a><\/li>\n<li class=\"page_item page-item-956\"><a href=\"http:\/\/jkoehler.diskstation.me\/wordpress\/diaries\/tagebuch-leningrad-st-petersburg-tbilisi-1991-1993\/leningrad-zweiter-anlauf\/petersburg-31-05-1992\/\">Petersburg, 31.05.1992: Wei\u00dfe N\u00e4chte \u00fcber den D\u00e4chern von STP<\/a><\/li>\n<li class=\"page_item page-item-967\"><a href=\"http:\/\/jkoehler.diskstation.me\/wordpress\/diaries\/tagebuch-leningrad-st-petersburg-tbilisi-1991-1993\/leningrad-zweiter-anlauf\/petersburg-02-06-1992\/\">Petersburg, 02.06.1992: Lisa &#038; die gefallenen Kinder der Peristroika<\/a><\/li>\n<li class=\"page_item page-item-972\"><a href=\"http:\/\/jkoehler.diskstation.me\/wordpress\/diaries\/tagebuch-leningrad-st-petersburg-tbilisi-1991-1993\/leningrad-zweiter-anlauf\/petersburg-05-06-1992\/\">Petersburg, 05.06.1992: Reiseplanung &#038; Verlust\u00e4ngste<\/a><\/li>\n<li class=\"page_item page-item-975\"><a href=\"http:\/\/jkoehler.diskstation.me\/wordpress\/diaries\/tagebuch-leningrad-st-petersburg-tbilisi-1991-1993\/leningrad-zweiter-anlauf\/petersburg-07-06-1992\/\">Petersburg, 07.06.1992: Ermitage, G\u00f6ren, Streeboyskonzert<\/a><\/li>\n<li class=\"page_item page-item-986\"><a href=\"http:\/\/jkoehler.diskstation.me\/wordpress\/diaries\/tagebuch-leningrad-st-petersburg-tbilisi-1991-1993\/leningrad-zweiter-anlauf\/petersburg-08-06-1992\/\">Petersburg, 08.06.1992: Sasha &#038; Zweifel am Beziehungsverst\u00e4ndnis des &#8220;Neuen Manns&#8221;<\/a><\/li>\n<li class=\"page_item page-item-990\"><a href=\"http:\/\/jkoehler.diskstation.me\/wordpress\/diaries\/tagebuch-leningrad-st-petersburg-tbilisi-1991-1993\/leningrad-zweiter-anlauf\/petersburg-08-05-1992\/\">Petersburg, 09.06.1992: Lisa &#038; ihre Vergangenheit<\/a><\/li>\n<li class=\"page_item page-item-994\"><a href=\"http:\/\/jkoehler.diskstation.me\/wordpress\/diaries\/tagebuch-leningrad-st-petersburg-tbilisi-1991-1993\/leningrad-zweiter-anlauf\/petersburg-13-06-1992\/\">Petersburg, 13.06.1992: Lothar &#038; buryatisch-russsiche K\u00fcnstler<\/a><\/li>\n<li class=\"page_item page-item-1004\"><a href=\"http:\/\/jkoehler.diskstation.me\/wordpress\/diaries\/tagebuch-leningrad-st-petersburg-tbilisi-1991-1993\/leningrad-zweiter-anlauf\/petersburg-18-06-1992\/\">Petersburg, 18.06.1992: Casting<\/a><\/li>\n<li class=\"page_item page-item-1011\"><a href=\"http:\/\/jkoehler.diskstation.me\/wordpress\/diaries\/tagebuch-leningrad-st-petersburg-tbilisi-1991-1993\/leningrad-zweiter-anlauf\/petersburg-19-06-1992\/\">Petersburg, 19.06.1992: Kapella-Dach-Party<\/a><\/li>\n<li class=\"page_item page-item-1020\"><a href=\"http:\/\/jkoehler.diskstation.me\/wordpress\/diaries\/tagebuch-leningrad-st-petersburg-tbilisi-1991-1993\/leningrad-zweiter-anlauf\/petersburg-21-06-1992\/\">Petersburg, 21.06.1992: Schuld und Liebe<\/a><\/li>\n<li class=\"page_item page-item-1028\"><a href=\"http:\/\/jkoehler.diskstation.me\/wordpress\/diaries\/tagebuch-leningrad-st-petersburg-tbilisi-1991-1993\/leningrad-zweiter-anlauf\/petersburg-22-06-1992\/\">Petersburg, 22.06.1992: Perestroikageneration &#038; Befindlichkeit<\/a><\/li>\n<li class=\"page_item page-item-1042\"><a href=\"http:\/\/jkoehler.diskstation.me\/wordpress\/diaries\/tagebuch-leningrad-st-petersburg-tbilisi-1991-1993\/leningrad-zweiter-anlauf\/petersburg-27-06-1992\/\">Petersburg, 27.06.1992: Kultur &#038; Staat<\/a><\/li>\n<li class=\"page_item page-item-1048\"><a href=\"http:\/\/jkoehler.diskstation.me\/wordpress\/diaries\/tagebuch-leningrad-st-petersburg-tbilisi-1991-1993\/leningrad-zweiter-anlauf\/petersburg-04-08-1992\/\">Petersburg, 04.08.1992: Besucherzeit &#8211; Karin, Albrecht, Jens, Annette, Alexandra, Bernd<\/a><\/li>\n<li class=\"page_item page-item-1060\"><a href=\"http:\/\/jkoehler.diskstation.me\/wordpress\/diaries\/tagebuch-leningrad-st-petersburg-tbilisi-1991-1993\/leningrad-zweiter-anlauf\/petersburg-04-09-1992\/\">Petersburg, 04.09.1992: Besucherzeit &#8211; Res\u00fcmee<\/a><\/li>\n<li class=\"page_item page-item-1064\"><a href=\"http:\/\/jkoehler.diskstation.me\/wordpress\/diaries\/tagebuch-leningrad-st-petersburg-tbilisi-1991-1993\/leningrad-zweiter-anlauf\/petersburg-08-09-1992\/\">Petersburg, 08.09.1992: Aufbruch mit Altlasten<\/a><\/li>\n\n<\/ul>\n","protected":false},"excerpt":{"rendered":"<p>Untergang der Sowjetunion (kommt nicht vor) Moskaureisen Freundeskreise entstehen Neue Liebe Reise nach Riga Reise nach Tbilisi Erste Runde G\u00e4ste aus Deutschland &#8211;&gt; zum Tagebuch &#8211;&gt; zum Einstiegsfilm (Super 8 von Stephan Abry, September 1992) Struktur der Tagebuchsektion (in Teilen passwortgesch\u00fctzt)<\/p>\n","protected":false},"author":1,"featured_media":593,"parent":214,"menu_order":4,"comment_status":"closed","ping_status":"closed","template":"","meta":{"footnotes":""},"class_list":["post-587","page","type-page","status-publish","has-post-thumbnail","hentry"],"_links":{"self":[{"href":"http:\/\/jkoehler.diskstation.me\/wordpress\/wp-json\/wp\/v2\/pages\/587","targetHints":{"allow":["GET"]}}],"collection":[{"href":"http:\/\/jkoehler.diskstation.me\/wordpress\/wp-json\/wp\/v2\/pages"}],"about":[{"href":"http:\/\/jkoehler.diskstation.me\/wordpress\/wp-json\/wp\/v2\/types\/page"}],"author":[{"embeddable":true,"href":"http:\/\/jkoehler.diskstation.me\/wordpress\/wp-json\/wp\/v2\/users\/1"}],"replies":[{"embeddable":true,"href":"http:\/\/jkoehler.diskstation.me\/wordpress\/wp-json\/wp\/v2\/comments?post=587"}],"version-history":[{"count":10,"href":"http:\/\/jkoehler.diskstation.me\/wordpress\/wp-json\/wp\/v2\/pages\/587\/revisions"}],"predecessor-version":[{"id":3169,"href":"http:\/\/jkoehler.diskstation.me\/wordpress\/wp-json\/wp\/v2\/pages\/587\/revisions\/3169"}],"up":[{"embeddable":true,"href":"http:\/\/jkoehler.diskstation.me\/wordpress\/wp-json\/wp\/v2\/pages\/214"}],"wp:featuredmedia":[{"embeddable":true,"href":"http:\/\/jkoehler.diskstation.me\/wordpress\/wp-json\/wp\/v2\/media\/593"}],"wp:attachment":[{"href":"http:\/\/jkoehler.diskstation.me\/wordpress\/wp-json\/wp\/v2\/media?parent=587"}],"curies":[{"name":"wp","href":"https:\/\/api.w.org\/{rel}","templated":true}]}}