{"id":5760,"date":"2019-02-13T22:09:08","date_gmt":"2019-02-13T21:09:08","guid":{"rendered":"http:\/\/jkoehler.diskstation.me\/wordpress\/?page_id=5760"},"modified":"2019-10-07T18:48:16","modified_gmt":"2019-10-07T16:48:16","slug":"eriwan-montag-20-dezember-1999","status":"publish","type":"page","link":"http:\/\/jkoehler.diskstation.me\/wordpress\/diaries\/field-diaries-notes\/osze-2000\/eriwan-montag-20-dezember-1999\/","title":{"rendered":"Eriwan, Montag, 20. Dezember 1999"},"content":{"rendered":"\n<p>Es hat den Anschein als bereite sich das politisch\/milit\u00e4rische und\ndamit ebenfalls wirtschaftliche Establishment Armeniens auf ein (vorl\u00e4ufiges)\nEndspiel vor. <\/p>\n\n\n\n<p>Vor dem Attentat im Parlament am 27. Oktober auf wesentliche politische\nF\u00fchrungskr\u00e4fte hatte es die um Pr\u00e4sident Kocharian gescharrte Fraktion des\nkarabacher Klubs (nennen wir ihn der Einfachheit halber EKRPA, der\ngemeinn\u00fctzige Zusammenschlu\u00df der Karabakhveteranen) in Angriff genommen, die\nKriegerlobby, aus der sie selbst hervorgegangen sind und der sie die\nEntmachtung Ter-Petrosians verdankten, zu entmachten. Einflu\u00dfreicher F\u00fchrer\ndieses Blocks, dessen politischer Fl\u00fcgel, die Republikanische Partei, im\nParlament zusammen mit &#8230; regiert und eng mit der milit\u00e4rischen F\u00fchrung\nverwoben ist, war der erschossene Premierminister Sarkisian. Nachdem er\npolitisch und wirtschaftlich auf den Schwingen EKRAPAs seinen pers\u00f6nlichen\nH\u00f6henflug in seri\u00f6sen Staats\u00e4mtern erreicht hatte, machte er Anstalten, die\nUrsuppe, die ihn hervorgebracht hatte, trocken zu legen:<\/p>\n\n\n\n<ol class=\"wp-block-list\"><li>Er\nunterst\u00fctzte den Pr\u00e4sidenten aktiv darin, den Karabachkonflikt, die ultimative\nKinderstube EKRAPAs, aufzul\u00f6sen;<\/li><li>Er\nbeteiligte sich aktiv daran, den notorischen Kriegstreiber, Gewaltunternehmer,\nVerteidigungsminister und Paten Babaian in Karabakh aus der Politik zu dr\u00e4ngen\nund die Trassen von dessen bewaffneten Jungs zu r\u00e4umen (die Erste-Hilfe Aktion\nim &#8230; dieses Jahres).<\/li><li>Au\u00dferdem\nmachte er wohl Anstalten, den Pr\u00e4sidenten in dem Bem\u00fchen, den Filz aus Milit\u00e4r,\nKorruption, Kriminalit\u00e4t und Politik zu entflechten, zu unterst\u00fctzen.<\/li><\/ol>\n\n\n\n<p>Nach dem Attentat, f\u00fcr dessen Aufkl\u00e4rung sich die\nMilit\u00e4rstaatsanwaltschaft (EKRAPA) zust\u00e4ndig erkl\u00e4rt hat, sprach EKRAPA auf\nihrer ersten Versammlung nach dem gewaltsamen Tod ihres Pr\u00e4sidenten diesen f\u00fcr\nheilig und w\u00e4hlten einen neuen Ersten Stellvertretenden Pr\u00e4sidenten Mamvel\n(Sarkisian wurde zum ewigen Pr\u00e4sidenten erkl\u00e4rt). Dieser ist ein Hardliner und\noffener Gegner des Pr\u00e4sidenten Armeniens. Au\u00dferdem geh\u00f6rt er zu der Sorte\nKriegsherren, die einen Teil ihres Dienstes f\u00fcrs Vaterland damit verbracht\nhaben, Autos von weniger kriegerischen Fabrikdirektoren zu stehlen.<\/p>\n\n\n\n<p>Die Milit\u00e4rstaatsanwaltschaft besch\u00e4ftigt sich derzeit damit, die\nengsten Vertrauten des Pr\u00e4sidenten zu verd\u00e4chtigen und neuerdings auch\nfestsetzen zu lassen.<\/p>\n\n\n\n<p>&#8211;> <a href=\"http:\/\/jkoehler.diskstation.me\/wordpress\/diaries\/field-diaries-notes\/osze-2000\/eriwan-dienstag-21-dezember-1999\/\">next<\/a><\/p>\n\n\n\n<p> <a href=\"http:\/\/jkoehler.diskstation.me\/wordpress\/diaries\/field-diaries-notes\/osze-2000\/\">\u2191 One level up \u2191<\/a> <\/p>\n","protected":false},"excerpt":{"rendered":"<p>Es hat den Anschein als bereite sich das politisch\/milit\u00e4rische und damit ebenfalls wirtschaftliche Establishment Armeniens auf ein (vorl\u00e4ufiges) Endspiel vor. Vor dem Attentat im Parlament am 27. Oktober auf wesentliche politische F\u00fchrungskr\u00e4fte hatte es die um Pr\u00e4sident Kocharian gescharrte Fraktion des karabacher Klubs (nennen wir ihn der Einfachheit halber EKRPA, der gemeinn\u00fctzige Zusammenschlu\u00df der Karabakhveteranen) &hellip; <\/p>\n<p class=\"link-more\"><a href=\"http:\/\/jkoehler.diskstation.me\/wordpress\/diaries\/field-diaries-notes\/osze-2000\/eriwan-montag-20-dezember-1999\/\" class=\"more-link\">Continue reading<span class=\"screen-reader-text\"> &#8220;Eriwan, Montag, 20. Dezember 1999&#8221;<\/span><\/a><\/p>\n","protected":false},"author":1,"featured_media":0,"parent":5757,"menu_order":1,"comment_status":"closed","ping_status":"closed","template":"","meta":{"footnotes":""},"class_list":["post-5760","page","type-page","status-publish","hentry"],"_links":{"self":[{"href":"http:\/\/jkoehler.diskstation.me\/wordpress\/wp-json\/wp\/v2\/pages\/5760","targetHints":{"allow":["GET"]}}],"collection":[{"href":"http:\/\/jkoehler.diskstation.me\/wordpress\/wp-json\/wp\/v2\/pages"}],"about":[{"href":"http:\/\/jkoehler.diskstation.me\/wordpress\/wp-json\/wp\/v2\/types\/page"}],"author":[{"embeddable":true,"href":"http:\/\/jkoehler.diskstation.me\/wordpress\/wp-json\/wp\/v2\/users\/1"}],"replies":[{"embeddable":true,"href":"http:\/\/jkoehler.diskstation.me\/wordpress\/wp-json\/wp\/v2\/comments?post=5760"}],"version-history":[{"count":3,"href":"http:\/\/jkoehler.diskstation.me\/wordpress\/wp-json\/wp\/v2\/pages\/5760\/revisions"}],"predecessor-version":[{"id":8212,"href":"http:\/\/jkoehler.diskstation.me\/wordpress\/wp-json\/wp\/v2\/pages\/5760\/revisions\/8212"}],"up":[{"embeddable":true,"href":"http:\/\/jkoehler.diskstation.me\/wordpress\/wp-json\/wp\/v2\/pages\/5757"}],"wp:attachment":[{"href":"http:\/\/jkoehler.diskstation.me\/wordpress\/wp-json\/wp\/v2\/media?parent=5760"}],"curies":[{"name":"wp","href":"https:\/\/api.w.org\/{rel}","templated":true}]}}