{"id":5681,"date":"2019-02-12T21:26:17","date_gmt":"2019-02-12T20:26:17","guid":{"rendered":"http:\/\/jkoehler.diskstation.me\/wordpress\/?page_id=5681"},"modified":"2020-04-11T18:16:20","modified_gmt":"2020-04-11T16:16:20","slug":"herbstgeschichte","status":"publish","type":"page","link":"http:\/\/jkoehler.diskstation.me\/wordpress\/texte\/herbstgeschichte\/","title":{"rendered":"HERBSTGESCHICHTE [1990]"},"content":{"rendered":"\n<p>K\u00fchl zieht\nder Herbst am Eckhaus der Gro\u00dfstadt vor\u00fcber.<\/p>\n\n\n\n<p>Im dritten\nStock sitzt einer und trinkt Whisky nach Kr\u00e4ften. Durch ein paar schlecht\nverfugte Ritzen krieche ich in sein Zimmer hinein.<\/p>\n\n\n\n<p>Er ist&nbsp; zu sehr mit sich und dem Whisky besch\u00e4ftigt,\num meinen k\u00fchlen Griff um seinen Nacken zu sp\u00fcren.<\/p>\n\n\n\n<p>Musik spielt\nlaut. Musik der Art, die schwache M\u00e4gen in Mega-Bass-Diskotheken umdreht.<\/p>\n\n\n\n<p>Ich sehe mich\num. B\u00fccher liegen herum. B\u00fccher von Menschen oder \u00fcber Menschen, die mich\nmi\u00dfverstehend den Winter nicht abwarten konnten.<\/p>\n\n\n\n<p>Jetzt fliegen\nLehrb\u00fccher herum. Wut steht ihm besser als Verzweiflung. Sie w\u00e4rt nicht lange.\nDenn als die Niederschrift der Gedanken eines Linguisten am Fu\u00dfboden zur Ruhe\nkommen, bleiben die Augen des jungen Mannes pl\u00f6tzlich auf zwei ehedem aufwendig\nzurechtgemachten M\u00e4dchen haften, denen ich just unter einer sich entbl\u00e4tternden\nKastanie inmitten der Piazza heftig durchs Haar fahre.<\/p>\n\n\n\n<p>Da kommt pl\u00f6tzlich fahrt in meinen Jungen: &#8220;Heilige Ignoranz! Gehen was aufrei\u00dfen&#8230;, leben f\u00fcr Hormonaussch\u00fcttungen provoziert durch M\u00e4nner oder Tr\u00e4ume von ihnen.&nbsp; &#8216;War er nicht niedlich, der Schnauzb\u00e4rtige von gestern?&#8217;. \u00d6strogene, Kribbeln, Weibchengeruch&#8230; und sie gehen hin zu ihm! Machen &#8216;ne Banklehre, arbeiten als Fris\u00f6sen, aber sind durch \u00e4u\u00dfere Atribute: Stiefel, MakeUp, feuchtes Z\u00e4hne zeigen &#8211; kleine Erfolgserlebnisse. Verstehen nichts, aber gehen hin zu ihm, liegen an seiner haarigen Brust. Und habens leicht, so leicht!&#8221;.<\/p>\n\n\n\n<p>Und er sackt\nvor, auf den Schreibtisch, erreicht so das Fenster, rei\u00dft es auf und schreit\nheraus: &#8220;Und hier oben krepiert einer, weil er sieht&#8221; &#8211; und sieht im\nschlie\u00dfen des Fensters den Mann aus dem 7&#8217;ten Stock an ihm vor\u00fcberhasten, dem\nWinter entgegen.<\/p>\n\n\n\n<p>Kein kriechen\ndurch Ritzen im 7&#8217;ten Stock &#8211; das Fenster steht noch offen.<\/p>\n","protected":false},"excerpt":{"rendered":"<p>K\u00fchl zieht der Herbst am Eckhaus der Gro\u00dfstadt vor\u00fcber. Im dritten Stock sitzt einer und trinkt Whisky nach Kr\u00e4ften. Durch ein paar schlecht verfugte Ritzen krieche ich in sein Zimmer hinein. Er ist&nbsp; zu sehr mit sich und dem Whisky besch\u00e4ftigt, um meinen k\u00fchlen Griff um seinen Nacken zu sp\u00fcren. Musik spielt laut. Musik der &hellip; <\/p>\n<p class=\"link-more\"><a href=\"http:\/\/jkoehler.diskstation.me\/wordpress\/texte\/herbstgeschichte\/\" class=\"more-link\">Continue reading<span class=\"screen-reader-text\"> &#8220;HERBSTGESCHICHTE [1990]&#8221;<\/span><\/a><\/p>\n","protected":false},"author":1,"featured_media":9203,"parent":1902,"menu_order":2,"comment_status":"closed","ping_status":"closed","template":"","meta":{"footnotes":""},"class_list":["post-5681","page","type-page","status-publish","has-post-thumbnail","hentry"],"_links":{"self":[{"href":"http:\/\/jkoehler.diskstation.me\/wordpress\/wp-json\/wp\/v2\/pages\/5681","targetHints":{"allow":["GET"]}}],"collection":[{"href":"http:\/\/jkoehler.diskstation.me\/wordpress\/wp-json\/wp\/v2\/pages"}],"about":[{"href":"http:\/\/jkoehler.diskstation.me\/wordpress\/wp-json\/wp\/v2\/types\/page"}],"author":[{"embeddable":true,"href":"http:\/\/jkoehler.diskstation.me\/wordpress\/wp-json\/wp\/v2\/users\/1"}],"replies":[{"embeddable":true,"href":"http:\/\/jkoehler.diskstation.me\/wordpress\/wp-json\/wp\/v2\/comments?post=5681"}],"version-history":[{"count":3,"href":"http:\/\/jkoehler.diskstation.me\/wordpress\/wp-json\/wp\/v2\/pages\/5681\/revisions"}],"predecessor-version":[{"id":9202,"href":"http:\/\/jkoehler.diskstation.me\/wordpress\/wp-json\/wp\/v2\/pages\/5681\/revisions\/9202"}],"up":[{"embeddable":true,"href":"http:\/\/jkoehler.diskstation.me\/wordpress\/wp-json\/wp\/v2\/pages\/1902"}],"wp:featuredmedia":[{"embeddable":true,"href":"http:\/\/jkoehler.diskstation.me\/wordpress\/wp-json\/wp\/v2\/media\/9203"}],"wp:attachment":[{"href":"http:\/\/jkoehler.diskstation.me\/wordpress\/wp-json\/wp\/v2\/media?parent=5681"}],"curies":[{"name":"wp","href":"https:\/\/api.w.org\/{rel}","templated":true}]}}