{"id":533,"date":"2018-01-28T17:02:50","date_gmt":"2018-01-28T16:02:50","guid":{"rendered":"http:\/\/jkoehler.diskstation.me\/wordpress\/?page_id=533"},"modified":"2019-03-16T14:14:51","modified_gmt":"2019-03-16T13:14:51","slug":"havelklinik-25-11-1991","status":"publish","type":"page","link":"http:\/\/jkoehler.diskstation.me\/wordpress\/diaries\/tagebuch-leningrad-st-petersburg-tbilisi-1991-1993\/sanatorium-germania\/havelklinik-25-11-1991\/","title":{"rendered":"Havelklinik, 25.11.1991: Arthroskopie"},"content":{"rendered":"<p>Nach der Arthroskopie:<\/p>\n<p>Hat eher wenig Spa\u00df gemacht. Das herausrei\u00dfen des Drainageschlauches bescherte mir die wohl intensivsten Schock-Schmerzen, die ich bisher erleben durfte. Nach den Aussagen meiner tapfereren Bettnachbarn und dem Personal, hatte die ganze Etage &#8216;was davon &#8211; ich erhielt schon ein Angebot als Marktschreier auf dem Fischmarkt.<\/p>\n<p>Ansonsten gibt die M\u00e4nnerrunde, bestehend aus einem Kroaten, einem T\u00fcrken und mir viel Anla\u00df zum Amusement. Der T\u00fcrke ist ein netter Kerl so um die 30 und spricht perfekt deutsch, der Kroate ist fette 45 und auch sehr nett. Er ist von recht beh\u00e4biger Schmerzresistenz. Beides sind M\u00e4nner in angenehmer Ausf\u00fchrung.<\/p>\n<p>&#8211;&gt; <a href=\"http:\/\/jkoehler.diskstation.me\/wordpress\/diaries\/tagebuch-leningrad-st-petersburg-tbilisi-1991-1993\/sanatorium-germania\/havelklinik-26-11-1991\/\">next page<\/a><\/p>\n","protected":false},"excerpt":{"rendered":"<p>Nach der Arthroskopie: Hat eher wenig Spa\u00df gemacht. Das herausrei\u00dfen des Drainageschlauches bescherte mir die wohl intensivsten Schock-Schmerzen, die ich bisher erleben durfte. Nach den Aussagen meiner tapfereren Bettnachbarn und dem Personal, hatte die ganze Etage &#8216;was davon &#8211; ich erhielt schon ein Angebot als Marktschreier auf dem Fischmarkt. Ansonsten gibt die M\u00e4nnerrunde, bestehend aus &hellip; <\/p>\n<p class=\"link-more\"><a href=\"http:\/\/jkoehler.diskstation.me\/wordpress\/diaries\/tagebuch-leningrad-st-petersburg-tbilisi-1991-1993\/sanatorium-germania\/havelklinik-25-11-1991\/\" class=\"more-link\">Continue reading<span class=\"screen-reader-text\"> &#8220;Havelklinik, 25.11.1991: Arthroskopie&#8221;<\/span><\/a><\/p>\n","protected":false},"author":1,"featured_media":0,"parent":505,"menu_order":30,"comment_status":"closed","ping_status":"closed","template":"","meta":{"footnotes":""},"class_list":["post-533","page","type-page","status-publish","hentry"],"_links":{"self":[{"href":"http:\/\/jkoehler.diskstation.me\/wordpress\/wp-json\/wp\/v2\/pages\/533","targetHints":{"allow":["GET"]}}],"collection":[{"href":"http:\/\/jkoehler.diskstation.me\/wordpress\/wp-json\/wp\/v2\/pages"}],"about":[{"href":"http:\/\/jkoehler.diskstation.me\/wordpress\/wp-json\/wp\/v2\/types\/page"}],"author":[{"embeddable":true,"href":"http:\/\/jkoehler.diskstation.me\/wordpress\/wp-json\/wp\/v2\/users\/1"}],"replies":[{"embeddable":true,"href":"http:\/\/jkoehler.diskstation.me\/wordpress\/wp-json\/wp\/v2\/comments?post=533"}],"version-history":[{"count":3,"href":"http:\/\/jkoehler.diskstation.me\/wordpress\/wp-json\/wp\/v2\/pages\/533\/revisions"}],"predecessor-version":[{"id":1773,"href":"http:\/\/jkoehler.diskstation.me\/wordpress\/wp-json\/wp\/v2\/pages\/533\/revisions\/1773"}],"up":[{"embeddable":true,"href":"http:\/\/jkoehler.diskstation.me\/wordpress\/wp-json\/wp\/v2\/pages\/505"}],"wp:attachment":[{"href":"http:\/\/jkoehler.diskstation.me\/wordpress\/wp-json\/wp\/v2\/media?parent=533"}],"curies":[{"name":"wp","href":"https:\/\/api.w.org\/{rel}","templated":true}]}}