{"id":475,"date":"2018-01-28T01:49:42","date_gmt":"2018-01-28T00:49:42","guid":{"rendered":"http:\/\/jkoehler.diskstation.me\/wordpress\/?page_id=475"},"modified":"2019-03-16T14:14:51","modified_gmt":"2019-03-16T13:14:51","slug":"475-2","status":"publish","type":"page","link":"http:\/\/jkoehler.diskstation.me\/wordpress\/diaries\/tagebuch-leningrad-st-petersburg-tbilisi-1991-1993\/sanatorium-germania\/475-2\/","title":{"rendered":"Berlin, 11.11.1991: Arztbesuch, Horst verzweifelt im Beruf"},"content":{"rendered":"<p>Vormittags zum depperten Internisten-Freund von Eckhard gegangen, der glasklar auf Stoffwechselerkrankung tippte. Ansonsten stellte er fest, da\u00df Frauen auch t\u00e4glich eine Pille nehmen &#8211; was mich err\u00f6ten lie\u00df &#8211; und da\u00df es von daher so schlimm nicht sein k\u00f6nne, sein Leben lang t\u00e4glich eine Gicht-Pille zu schlucken. Bemerkte zur Thematik Sowjetunion: &#8220;Wenn doch nur die restlichen russ. Soldaten schon aus Deutschland weg w\u00e4ren!&#8221;.<\/p>\n<p>&nbsp;<\/p>\n<p>Den Tag dann unwillig l\u00fcsternd an Fees Busen verbracht. Schwierige Stimmung.<\/p>\n<p>Sp\u00e4tnachmittags zu Jens raus und mit dem bis \u00fcber die Grenze des Mitansehbaren hinaus, nerv\u00f6sen Papa ins Krankenhaus nach Spandau gefahren 1 1\/2 Stunden). W\u00e4hrend er seine H\u00e4nde fortw\u00e4hrend mit dem Anz\u00fcnden und Ausdr\u00fccken von Zigaretten unterhielt, sah er die Zukunft dieser Welt auf Berliner Stra\u00dfen zur rush-hour verenden.<\/p>\n<p>Der Blick nach vorne zehrt an ihm, und das Wort, das ich finde, ist Verzweiflung. Er scheint einzusehen, da\u00df Teamwork, Partnerschaft und Freundschaft &#8211; Begriffe die f\u00fcr ihn Erfolgserlebnis im Beruf waren, ein Luxus von Betrieben ist, die florieren. Dann werden sich die H\u00e4nde wohl wund geklopft. Neben den objektiven wirtschaftlichen Schwierigkeiten, die seine Firma hat, trifft ihn diese Entt\u00e4uschung wohl am meisten.<\/p>\n<p>&#8211;&gt; <a href=\"http:\/\/jkoehler.diskstation.me\/wordpress\/diaries\/tagebuch-leningrad-st-petersburg-tbilisi-1991-1993\/berlin-14-11-1991\/\">next page<\/a><\/p>\n<p>&nbsp;<\/p>\n","protected":false},"excerpt":{"rendered":"<p>Vormittags zum depperten Internisten-Freund von Eckhard gegangen, der glasklar auf Stoffwechselerkrankung tippte. Ansonsten stellte er fest, da\u00df Frauen auch t\u00e4glich eine Pille nehmen &#8211; was mich err\u00f6ten lie\u00df &#8211; und da\u00df es von daher so schlimm nicht sein k\u00f6nne, sein Leben lang t\u00e4glich eine Gicht-Pille zu schlucken. Bemerkte zur Thematik Sowjetunion: &#8220;Wenn doch nur die &hellip; <\/p>\n<p class=\"link-more\"><a href=\"http:\/\/jkoehler.diskstation.me\/wordpress\/diaries\/tagebuch-leningrad-st-petersburg-tbilisi-1991-1993\/sanatorium-germania\/475-2\/\" class=\"more-link\">Continue reading<span class=\"screen-reader-text\"> &#8220;Berlin, 11.11.1991: Arztbesuch, Horst verzweifelt im Beruf&#8221;<\/span><\/a><\/p>\n","protected":false},"author":1,"featured_media":476,"parent":505,"menu_order":25,"comment_status":"closed","ping_status":"closed","template":"","meta":{"footnotes":""},"class_list":["post-475","page","type-page","status-publish","has-post-thumbnail","hentry"],"_links":{"self":[{"href":"http:\/\/jkoehler.diskstation.me\/wordpress\/wp-json\/wp\/v2\/pages\/475","targetHints":{"allow":["GET"]}}],"collection":[{"href":"http:\/\/jkoehler.diskstation.me\/wordpress\/wp-json\/wp\/v2\/pages"}],"about":[{"href":"http:\/\/jkoehler.diskstation.me\/wordpress\/wp-json\/wp\/v2\/types\/page"}],"author":[{"embeddable":true,"href":"http:\/\/jkoehler.diskstation.me\/wordpress\/wp-json\/wp\/v2\/users\/1"}],"replies":[{"embeddable":true,"href":"http:\/\/jkoehler.diskstation.me\/wordpress\/wp-json\/wp\/v2\/comments?post=475"}],"version-history":[{"count":8,"href":"http:\/\/jkoehler.diskstation.me\/wordpress\/wp-json\/wp\/v2\/pages\/475\/revisions"}],"predecessor-version":[{"id":1766,"href":"http:\/\/jkoehler.diskstation.me\/wordpress\/wp-json\/wp\/v2\/pages\/475\/revisions\/1766"}],"up":[{"embeddable":true,"href":"http:\/\/jkoehler.diskstation.me\/wordpress\/wp-json\/wp\/v2\/pages\/505"}],"wp:featuredmedia":[{"embeddable":true,"href":"http:\/\/jkoehler.diskstation.me\/wordpress\/wp-json\/wp\/v2\/media\/476"}],"wp:attachment":[{"href":"http:\/\/jkoehler.diskstation.me\/wordpress\/wp-json\/wp\/v2\/media?parent=475"}],"curies":[{"name":"wp","href":"https:\/\/api.w.org\/{rel}","templated":true}]}}