{"id":449,"date":"2018-01-28T00:36:54","date_gmt":"2018-01-27T23:36:54","guid":{"rendered":"http:\/\/jkoehler.diskstation.me\/wordpress\/?page_id=449"},"modified":"2019-03-16T14:14:51","modified_gmt":"2019-03-16T13:14:51","slug":"leningrad-06-11-1991","status":"publish","type":"page","link":"http:\/\/jkoehler.diskstation.me\/wordpress\/diaries\/tagebuch-leningrad-st-petersburg-tbilisi-1991-1993\/leningrad-erster-versuch\/leningrad-06-11-1991\/","title":{"rendered":"Leningrad, 06.11.1991: BMs Teenies, Fotos der Fee, Helden"},"content":{"rendered":"\n<p>B.M. erschien heute aufgrund ihrer nun g\u00e4nzlich verlorenen Stimme nicht pers\u00f6nlich, was sie mir schon gestern durch ihre Tochter Marina ausrichten lie\u00df. Daf\u00fcr kamen zwei Teens, die bei ihr aus Moskau zu Besuch sind, brachten Piroschoggen, Brot und Kram von B.M., tranken viel vom guten Whisky und den Rest Kaffee. Sie ist 15 und lernt an einer Theaterschule, was man angenehm bemerkt, er sieht meistens an die Decke, ist junge 18, hat Koch gelernt und wird von Dunja dominiert.<\/p>\n\n\n\n<p>Wir sprachen die meiste Zeit \u00fcber <em>gallobojs<\/em>, nachdem der langhaarige Havey Matal Fan sich abf\u00e4llig \u00fcber sie ge\u00e4u\u00dfert hatte. Kleine kostenlose Aufkl\u00e4rungsstunde, der vor allem das M\u00e4dchen angespannt folgte.<\/p>\n\n\n\n<figure class=\"wp-block-image\"><img loading=\"lazy\" decoding=\"async\" width=\"1000\" height=\"662\" src=\"http:\/\/jkoehler.diskstation.me\/wordpress\/wp-content\/uploads\/2018\/01\/STB_1993-6.jpg\" alt=\"\" class=\"wp-image-452\" srcset=\"http:\/\/jkoehler.diskstation.me\/wordpress\/wp-content\/uploads\/2018\/01\/STB_1993-6.jpg 1000w, http:\/\/jkoehler.diskstation.me\/wordpress\/wp-content\/uploads\/2018\/01\/STB_1993-6-300x199.jpg 300w, http:\/\/jkoehler.diskstation.me\/wordpress\/wp-content\/uploads\/2018\/01\/STB_1993-6-768x508.jpg 768w\" sizes=\"auto, (max-width: 767px) 89vw, (max-width: 1000px) 54vw, (max-width: 1071px) 543px, 580px\" \/><figcaption>Fee in STP<\/figcaption><\/figure>\n\n\n\n<p>Wollten auch wissen, wer Fee ist.<\/p>\n\n\n\n<p>Zu B.M. ist mir noch eingefallen, da\u00df ihre Art Verb\u00e4nde anzulegen, wie ihre Art den Tisch auf- oder abzudecken, wie ihre nasse Neffen-Schreck-Art zu k\u00fcssen, \u00e4hnlich abrupt und unsensibel sind. Sie spricht von Z\u00e4rtlichkeit weit mehr, als sie imstande ist zu geben. Nicht so Herzlichkeit, die sie ohne Zweifel freigiebig austeilt.<\/p>\n\n\n\n<p>Sie erkl\u00e4rte mir gestern auch noch ganz stolz, da\u00df sie es durch mich gelernt h\u00e4tte, jungen Menschen mehr Vertrauen in ihre Eigenverantwortlichkeit in Sachen Sexualit\u00e4t zu schenken. So w\u00e4re es ihr fr\u00fcher nie m\u00f6glich gewesen, die beiden Teens in einem Bett zusammen schlafen zu lassen. Sie h\u00e4tte nicht einmal daran gedacht, bevor sie mich kennenlernte.<\/p>\n\n\n\n<p>Mein Nachbar ist heute nicht zum weitertrinken gekommen.<\/p>\n\n\n\n<p>Ansonsten den ganzen Tag die <a href=\"http:\/\/jkoehler.diskstation.me\/wordpress\/texte\/helden\/\" target=\"_blank\" rel=\"noopener\">Heldensagen<\/a> geschrieben, mit Micha telefoniert (und es ihm zugesagt, die Einladung von Deutschland aus zu erledigen), mit Svjetlana, Elena und Maria+Nikita Treffen f\u00fcr Freitag abgemacht.<\/p>\n\n\n\n<p>Nachts (jetzt) dann akute Beklemmungsanwandlungen bekommen und st\u00e4rkere Schmerzen im rechten Bein. Ich hoffe, ich halte mich wacker bis Samstag. Mein Hacken g\u00e4rt latent auch immer noch am linken Fu\u00df herum.<\/p>\n\n\n\n<p>Eltern nicht erreicht.<\/p>\n\n\n\n<p>&#8211;&gt; <a href=\"http:\/\/jkoehler.diskstation.me\/wordpress\/diaries\/tagebuch-leningrad-st-petersburg-tbilisi-1991-1993\/leningrad-08-11-1991\/\">next page<\/a><\/p>\n","protected":false},"excerpt":{"rendered":"<p>B.M. erschien heute aufgrund ihrer nun g\u00e4nzlich verlorenen Stimme nicht pers\u00f6nlich, was sie mir schon gestern durch ihre Tochter Marina ausrichten lie\u00df. Daf\u00fcr kamen zwei Teens, die bei ihr aus Moskau zu Besuch sind, brachten Piroschoggen, Brot und Kram von B.M., tranken viel vom guten Whisky und den Rest Kaffee. Sie ist 15 und lernt &hellip; <\/p>\n<p class=\"link-more\"><a href=\"http:\/\/jkoehler.diskstation.me\/wordpress\/diaries\/tagebuch-leningrad-st-petersburg-tbilisi-1991-1993\/leningrad-erster-versuch\/leningrad-06-11-1991\/\" class=\"more-link\">Continue reading<span class=\"screen-reader-text\"> &#8220;Leningrad, 06.11.1991: BMs Teenies, Fotos der Fee, Helden&#8221;<\/span><\/a><\/p>\n","protected":false},"author":1,"featured_media":0,"parent":503,"menu_order":22,"comment_status":"closed","ping_status":"closed","template":"","meta":{"footnotes":""},"class_list":["post-449","page","type-page","status-publish","hentry"],"_links":{"self":[{"href":"http:\/\/jkoehler.diskstation.me\/wordpress\/wp-json\/wp\/v2\/pages\/449","targetHints":{"allow":["GET"]}}],"collection":[{"href":"http:\/\/jkoehler.diskstation.me\/wordpress\/wp-json\/wp\/v2\/pages"}],"about":[{"href":"http:\/\/jkoehler.diskstation.me\/wordpress\/wp-json\/wp\/v2\/types\/page"}],"author":[{"embeddable":true,"href":"http:\/\/jkoehler.diskstation.me\/wordpress\/wp-json\/wp\/v2\/users\/1"}],"replies":[{"embeddable":true,"href":"http:\/\/jkoehler.diskstation.me\/wordpress\/wp-json\/wp\/v2\/comments?post=449"}],"version-history":[{"count":7,"href":"http:\/\/jkoehler.diskstation.me\/wordpress\/wp-json\/wp\/v2\/pages\/449\/revisions"}],"predecessor-version":[{"id":5592,"href":"http:\/\/jkoehler.diskstation.me\/wordpress\/wp-json\/wp\/v2\/pages\/449\/revisions\/5592"}],"up":[{"embeddable":true,"href":"http:\/\/jkoehler.diskstation.me\/wordpress\/wp-json\/wp\/v2\/pages\/503"}],"wp:attachment":[{"href":"http:\/\/jkoehler.diskstation.me\/wordpress\/wp-json\/wp\/v2\/media?parent=449"}],"curies":[{"name":"wp","href":"https:\/\/api.w.org\/{rel}","templated":true}]}}