{"id":2572,"date":"2018-05-11T19:08:03","date_gmt":"2018-05-11T17:08:03","guid":{"rendered":"http:\/\/jkoehler.diskstation.me\/wordpress\/?page_id=2572"},"modified":"2019-10-16T19:22:54","modified_gmt":"2019-10-16T17:22:54","slug":"reiseonkel-jurgen-tunesien-zypern","status":"publish","type":"page","link":"http:\/\/jkoehler.diskstation.me\/wordpress\/diaries\/aufzeichnungen-1985-1990\/reiseonkel-jurgen-tunesien-zypern\/","title":{"rendered":"Reiseonkel J\u00fcrgen: Tunesien, Golf von Neapel &#038; Zypern"},"content":{"rendered":"\n<p>Seit meinem 13. Lebensjahr nahm mein Gro\u00dfonkel und Bernds Patenonkel J\u00fcrgen Scholz als promovierter Historiker, Oberbibliothekarsrat an der Universit\u00e4tsbibliothek in Marburg, Kunstgeschichtler und vor allem Reiseonkel einen festen Platz in meinem Leben ein. Er veranstaltete ein bis zwei Bildungsreisen mit uns pro Jahr und ging dabei auf die Interessen und F\u00e4higkeiten der Br\u00fcder ein. J\u00fcrgen selbst hat keine Kinder und wir waren eine (etwas ungest\u00fcme aber im Grunde ganz vertr\u00e4gliche) Ersatzkinderschar f\u00fcr ihn.<\/p>\n\n\n\n<p>Vor meinem Australienjahr reiste ich dank J\u00fcrgens nach St. Peter Ording, Marburg, die Lahnberge, Solnhofen im Altm\u00fchltal sowie Venedig. Nach meiner R\u00fcckkehr bereiste ich mit J\u00fcrgen Tunesien, den Golf von Neapel und als letzte gro\u00dfe Reise Zypern.<\/p>\n\n\n\n<h2 class=\"wp-block-heading\">Tunesien mit Bernd und Jens (Fr\u00fchjahr 1986?)<\/h2>\n\n\n\n<h2 class=\"wp-block-heading\">Neapel, Sorrento, Paestum (Fr\u00fchjahr 1987?)<\/h2>\n\n\n\n<figure class=\"wp-block-image\"><img loading=\"lazy\" decoding=\"async\" width=\"1000\" height=\"681\" src=\"http:\/\/jkoehler.diskstation.me\/wordpress\/wp-content\/uploads\/2018\/09\/Albrecht1990er_Venedig-15.jpg\" alt=\"\" class=\"wp-image-3224\" srcset=\"http:\/\/jkoehler.diskstation.me\/wordpress\/wp-content\/uploads\/2018\/09\/Albrecht1990er_Venedig-15.jpg 1000w, http:\/\/jkoehler.diskstation.me\/wordpress\/wp-content\/uploads\/2018\/09\/Albrecht1990er_Venedig-15-300x204.jpg 300w, http:\/\/jkoehler.diskstation.me\/wordpress\/wp-content\/uploads\/2018\/09\/Albrecht1990er_Venedig-15-768x523.jpg 768w\" sizes=\"auto, (max-width: 767px) 89vw, (max-width: 1000px) 54vw, (max-width: 1071px) 543px, 580px\" \/><\/figure>\n\n\n\n<h2 class=\"wp-block-heading\">Zypern mit J\u00fcrgen und Verl\u00e4ngerung alleine (Fr\u00fchjahr 1988)<\/h2>\n\n\n\n<figure class=\"wp-block-gallery columns-3 is-cropped wp-block-gallery-1 is-layout-flex wp-block-gallery-is-layout-flex\"><ul class=\"blocks-gallery-grid\"><li class=\"blocks-gallery-item\"><figure><a href=\"http:\/\/jkoehler.diskstation.me\/wordpress\/wp-content\/uploads\/2018\/09\/JanJ\u00fcrgen_1980er_GolfNeapel-3.jpg\"><img loading=\"lazy\" decoding=\"async\" width=\"657\" height=\"1000\" src=\"http:\/\/jkoehler.diskstation.me\/wordpress\/wp-content\/uploads\/2018\/09\/JanJ\u00fcrgen_1980er_GolfNeapel-3.jpg\" alt=\"\" data-id=\"3225\" class=\"wp-image-3225\" srcset=\"http:\/\/jkoehler.diskstation.me\/wordpress\/wp-content\/uploads\/2018\/09\/JanJ\u00fcrgen_1980er_GolfNeapel-3.jpg 657w, http:\/\/jkoehler.diskstation.me\/wordpress\/wp-content\/uploads\/2018\/09\/JanJ\u00fcrgen_1980er_GolfNeapel-3-197x300.jpg 197w\" sizes=\"auto, (max-width: 657px) 100vw, 657px\" \/><\/a><\/figure><\/li><li class=\"blocks-gallery-item\"><figure><a href=\"http:\/\/jkoehler.diskstation.me\/wordpress\/wp-content\/uploads\/2018\/09\/JanJ\u00fcrgen_1980er_Zypern-2.jpg\"><img loading=\"lazy\" decoding=\"async\" width=\"666\" height=\"1000\" src=\"http:\/\/jkoehler.diskstation.me\/wordpress\/wp-content\/uploads\/2018\/09\/JanJ\u00fcrgen_1980er_Zypern-2.jpg\" alt=\"\" data-id=\"3226\" class=\"wp-image-3226\" srcset=\"http:\/\/jkoehler.diskstation.me\/wordpress\/wp-content\/uploads\/2018\/09\/JanJ\u00fcrgen_1980er_Zypern-2.jpg 666w, http:\/\/jkoehler.diskstation.me\/wordpress\/wp-content\/uploads\/2018\/09\/JanJ\u00fcrgen_1980er_Zypern-2-200x300.jpg 200w\" sizes=\"auto, (max-width: 666px) 100vw, 666px\" \/><\/a><\/figure><\/li><li class=\"blocks-gallery-item\"><figure><a href=\"http:\/\/jkoehler.diskstation.me\/wordpress\/wp-content\/uploads\/2018\/09\/JanJ\u00fcrgen_1980er_GolfNeapel-2.jpg\"><img loading=\"lazy\" decoding=\"async\" width=\"657\" height=\"1000\" src=\"http:\/\/jkoehler.diskstation.me\/wordpress\/wp-content\/uploads\/2018\/09\/JanJ\u00fcrgen_1980er_GolfNeapel-2.jpg\" alt=\"\" data-id=\"3227\" class=\"wp-image-3227\" srcset=\"http:\/\/jkoehler.diskstation.me\/wordpress\/wp-content\/uploads\/2018\/09\/JanJ\u00fcrgen_1980er_GolfNeapel-2.jpg 657w, http:\/\/jkoehler.diskstation.me\/wordpress\/wp-content\/uploads\/2018\/09\/JanJ\u00fcrgen_1980er_GolfNeapel-2-197x300.jpg 197w\" sizes=\"auto, (max-width: 657px) 100vw, 657px\" \/><\/a><\/figure><\/li><\/ul><\/figure>\n\n\n\n<p>&#8211;> <a href=\"http:\/\/jkoehler.diskstation.me\/wordpress\/diaries\/aufzeichnungen-1985-1990\/mailand-1987-italientramptouren-1986-1988-kleine-reisen\/\">next section<\/a><\/p>\n\n\n\n<p> <a href=\"http:\/\/jkoehler.diskstation.me\/wordpress\/diaries\/aufzeichnungen-1985-1990\/\">\u2191 One level up \u2191<\/a> <\/p>\n","protected":false},"excerpt":{"rendered":"<p>Seit meinem 13. Lebensjahr nahm mein Gro\u00dfonkel und Bernds Patenonkel J\u00fcrgen Scholz als promovierter Historiker, Oberbibliothekarsrat an der Universit\u00e4tsbibliothek in Marburg, Kunstgeschichtler und vor allem Reiseonkel einen festen Platz in meinem Leben ein. Er veranstaltete ein bis zwei Bildungsreisen mit uns pro Jahr und ging dabei auf die Interessen und F\u00e4higkeiten der Br\u00fcder ein. J\u00fcrgen &hellip; <\/p>\n<p class=\"link-more\"><a href=\"http:\/\/jkoehler.diskstation.me\/wordpress\/diaries\/aufzeichnungen-1985-1990\/reiseonkel-jurgen-tunesien-zypern\/\" class=\"more-link\">Continue reading<span class=\"screen-reader-text\"> &#8220;Reiseonkel J\u00fcrgen: Tunesien, Golf von Neapel &#038; Zypern&#8221;<\/span><\/a><\/p>\n","protected":false},"author":1,"featured_media":2687,"parent":2084,"menu_order":3,"comment_status":"closed","ping_status":"closed","template":"","meta":{"footnotes":""},"class_list":["post-2572","page","type-page","status-publish","has-post-thumbnail","hentry"],"_links":{"self":[{"href":"http:\/\/jkoehler.diskstation.me\/wordpress\/wp-json\/wp\/v2\/pages\/2572","targetHints":{"allow":["GET"]}}],"collection":[{"href":"http:\/\/jkoehler.diskstation.me\/wordpress\/wp-json\/wp\/v2\/pages"}],"about":[{"href":"http:\/\/jkoehler.diskstation.me\/wordpress\/wp-json\/wp\/v2\/types\/page"}],"author":[{"embeddable":true,"href":"http:\/\/jkoehler.diskstation.me\/wordpress\/wp-json\/wp\/v2\/users\/1"}],"replies":[{"embeddable":true,"href":"http:\/\/jkoehler.diskstation.me\/wordpress\/wp-json\/wp\/v2\/comments?post=2572"}],"version-history":[{"count":12,"href":"http:\/\/jkoehler.diskstation.me\/wordpress\/wp-json\/wp\/v2\/pages\/2572\/revisions"}],"predecessor-version":[{"id":8256,"href":"http:\/\/jkoehler.diskstation.me\/wordpress\/wp-json\/wp\/v2\/pages\/2572\/revisions\/8256"}],"up":[{"embeddable":true,"href":"http:\/\/jkoehler.diskstation.me\/wordpress\/wp-json\/wp\/v2\/pages\/2084"}],"wp:featuredmedia":[{"embeddable":true,"href":"http:\/\/jkoehler.diskstation.me\/wordpress\/wp-json\/wp\/v2\/media\/2687"}],"wp:attachment":[{"href":"http:\/\/jkoehler.diskstation.me\/wordpress\/wp-json\/wp\/v2\/media?parent=2572"}],"curies":[{"name":"wp","href":"https:\/\/api.w.org\/{rel}","templated":true}]}}