{"id":2170,"date":"2018-04-12T10:54:54","date_gmt":"2018-04-12T08:54:54","guid":{"rendered":"http:\/\/jkoehler.diskstation.me\/wordpress\/?page_id=2170"},"modified":"2019-03-16T14:16:33","modified_gmt":"2019-03-16T13:16:33","slug":"17-juni-1995-stephan-feuchtwang","status":"publish","type":"page","link":"http:\/\/jkoehler.diskstation.me\/wordpress\/diaries\/tgb-since-1993\/berlin-neuanfang-1993-95-familiengrundung-studium\/1995-2\/17-juni-1995-stephan-feuchtwang\/","title":{"rendered":"17. Juni 1995: Stephan Feuchtwang"},"content":{"rendered":"<p>Gestern mit Stephan Feuchtwang essen gewesen. Stephanie Schwandner war sich selbst anpreisend mit von der Partie. Fuhr mir im Angesicht all der personifizierten Karriereperspektiven mehrmals heftig \u00fcber den Mund. Fand mich laut, over-exited anstrengend. Kam von alleine nicht auf die Idee, da\u00df Thema des Treffens mein Projekttutorium war. &#8230; Unglaubliches Marktweib.<\/p>\n<p>Herr Feuchtwang hingegen hatte alles zu bieten, was die profilneurotische Szene um Onkel Elwert entbehrt: Esprit, Begeistenmgsf\u00e4higkeit f\u00fcr Inhalte, nicht f\u00fcr die eigene Person, freundliche Distanz und scharfen Intellekt.<\/p>\n<p>Zur Sache:<br \/>\nWir brauchen eine klare Fragestellung, die unser Tutoriwn zusammenbindet.<br \/>\nVorschl\u00e4ge:<br \/>\n&#8211; Gibt es globale strukturelle Entwicklungen, die gesellschaftlich relevante Gewaltsituationen vergleichbar machen (wo ist die Verbindung zwischen Gewalt an Kindern in Brasilien, Gewalt im Baskenland, Tschetschenien und der Hausbesetzerszene?)?<br \/>\n&#8211; Kann der Nationalstaat als dominantes Organisationskonzept f\u00fcr Gesellschaften diese Klammer liefern?<br \/>\n&#8211; Focussing on situations, in which the conventions of violence are breaking down?<br \/>\n&#8211; How is the neighbour made into an abstract enemy? And why doesn&#8217; t this work at times?<br \/>\n&#8211; Ist es eher die F\u00e4higkeit zum Kausalit\u00e4tsbruch (Inkonsequenz) zwischen Ideologie und konkreter Wirklichkeit (Tschetschenen-Russische Bev\u00f6lkerung, Opa-Jeff) oder Konsequenz mit der richtigen Ideologie, die Ethnisienmg von Konflikten verhindert? Where did nationalising politics freak and why?<br \/>\n&#8211; Die Eigendynamik der Bilderwelten: Welcher Zusammenhang besteht zwischen Vorstellung, sprachlicher (Selbst-)Darstellung und Tat? Gewaltdarstellung und Gewaltanwendung? K\u00f6rperlicher Gewalt und die Substitution derselben durch Reputationssanktionen bzw. symbolischer Gewalt?<br \/>\n&#8211; Die Organisation von Erinnerung an Gewaltsituationen (&#8220;nationale Traumata&#8221;, Genozid, Vertreibung, Leidensgemeinschaft &#8230; ) f\u00fcr neue Gewalt;<br \/>\n&#8211; Hat jeder Nationalismus die beiden Mythen: a) gemeinsames Leid und b) goldenes Zeitalter?<\/p>\n<p>&nbsp;<\/p>\n<p>&#8211;&gt; <a href=\"http:\/\/jkoehler.diskstation.me\/wordpress\/diaries\/tgb-since-1993\/berlin-neuanfang-1993-95-familiengrundung-studium\/1995-2\/gatherings-and-friends\/\">next<\/a><\/p>\n","protected":false},"excerpt":{"rendered":"<p>Gestern mit Stephan Feuchtwang essen gewesen. Stephanie Schwandner war sich selbst anpreisend mit von der Partie. Fuhr mir im Angesicht all der personifizierten Karriereperspektiven mehrmals heftig \u00fcber den Mund. Fand mich laut, over-exited anstrengend. Kam von alleine nicht auf die Idee, da\u00df Thema des Treffens mein Projekttutorium war. &#8230; Unglaubliches Marktweib. Herr Feuchtwang hingegen hatte &hellip; <\/p>\n<p class=\"link-more\"><a href=\"http:\/\/jkoehler.diskstation.me\/wordpress\/diaries\/tgb-since-1993\/berlin-neuanfang-1993-95-familiengrundung-studium\/1995-2\/17-juni-1995-stephan-feuchtwang\/\" class=\"more-link\">Continue reading<span class=\"screen-reader-text\"> &#8220;17. Juni 1995: Stephan Feuchtwang&#8221;<\/span><\/a><\/p>\n","protected":false},"author":1,"featured_media":2536,"parent":4607,"menu_order":13,"comment_status":"closed","ping_status":"closed","template":"","meta":{"footnotes":""},"class_list":["post-2170","page","type-page","status-publish","has-post-thumbnail","hentry"],"_links":{"self":[{"href":"http:\/\/jkoehler.diskstation.me\/wordpress\/wp-json\/wp\/v2\/pages\/2170","targetHints":{"allow":["GET"]}}],"collection":[{"href":"http:\/\/jkoehler.diskstation.me\/wordpress\/wp-json\/wp\/v2\/pages"}],"about":[{"href":"http:\/\/jkoehler.diskstation.me\/wordpress\/wp-json\/wp\/v2\/types\/page"}],"author":[{"embeddable":true,"href":"http:\/\/jkoehler.diskstation.me\/wordpress\/wp-json\/wp\/v2\/users\/1"}],"replies":[{"embeddable":true,"href":"http:\/\/jkoehler.diskstation.me\/wordpress\/wp-json\/wp\/v2\/comments?post=2170"}],"version-history":[{"count":5,"href":"http:\/\/jkoehler.diskstation.me\/wordpress\/wp-json\/wp\/v2\/pages\/2170\/revisions"}],"predecessor-version":[{"id":4785,"href":"http:\/\/jkoehler.diskstation.me\/wordpress\/wp-json\/wp\/v2\/pages\/2170\/revisions\/4785"}],"up":[{"embeddable":true,"href":"http:\/\/jkoehler.diskstation.me\/wordpress\/wp-json\/wp\/v2\/pages\/4607"}],"wp:featuredmedia":[{"embeddable":true,"href":"http:\/\/jkoehler.diskstation.me\/wordpress\/wp-json\/wp\/v2\/media\/2536"}],"wp:attachment":[{"href":"http:\/\/jkoehler.diskstation.me\/wordpress\/wp-json\/wp\/v2\/media?parent=2170"}],"curies":[{"name":"wp","href":"https:\/\/api.w.org\/{rel}","templated":true}]}}