{"id":2046,"date":"2018-03-24T20:02:06","date_gmt":"2018-03-24T19:02:06","guid":{"rendered":"http:\/\/jkoehler.diskstation.me\/wordpress\/?page_id=2046"},"modified":"2019-03-16T14:16:32","modified_gmt":"2019-03-16T13:16:32","slug":"3-januar-1994-manner-frauen-sterblichkeit","status":"publish","type":"page","link":"http:\/\/jkoehler.diskstation.me\/wordpress\/diaries\/tgb-since-1993\/berlin-neuanfang-1993-95-familiengrundung-studium\/1994-2\/3-januar-1994-manner-frauen-sterblichkeit\/","title":{"rendered":"3. Januar 1994: M\u00e4nner, Frauen, Sterblichkeit"},"content":{"rendered":"<p>Es ist da etwas, was M\u00e4nner den Frauen nie verzeihen und was f\u00fcr viel Leid und Gewalt in deren Beziehung zueinander steht: Die M\u00e4nner k\u00f6nnen den Frauen ihre Sterblichkeit nicht vergeben, k\u00f6nnen ihnen nicht vergeben, da\u00df diese Sterbliches, mit Makeln Behaftetes geb\u00e4ren, und nicht die G\u00f6tter, die es den\u00a0Menschen gegeben ist sich vorzustellen.<br \/>\nDeshalb werden Frauen aus allem Religi\u00f6sen ausgeschlossen, sei es da\u00df sie die heiligsten Berge nicht betreten d\u00fcrfen (Aino), keine Priester werden k\u00f6nnen oder in Scham den Kopf bedeckt bei jedem Zutritt zu einem geweihten Ort ihre Schuld an Leid und Sterblichkeit des Menschen bekennen m\u00fcssen.<\/p>\n<p>&#8211;&gt; <a href=\"http:\/\/jkoehler.diskstation.me\/wordpress\/diaries\/berlin-neuanfang-1993-95-familiengrundung-studium\/16-januar-1994-nachwehen-dreiecksbeziehung\/\">next page<\/a><\/p>\n","protected":false},"excerpt":{"rendered":"<p>Es ist da etwas, was M\u00e4nner den Frauen nie verzeihen und was f\u00fcr viel Leid und Gewalt in deren Beziehung zueinander steht: Die M\u00e4nner k\u00f6nnen den Frauen ihre Sterblichkeit nicht vergeben, k\u00f6nnen ihnen nicht vergeben, da\u00df diese Sterbliches, mit Makeln Behaftetes geb\u00e4ren, und nicht die G\u00f6tter, die es den\u00a0Menschen gegeben ist sich vorzustellen. Deshalb werden &hellip; <\/p>\n<p class=\"link-more\"><a href=\"http:\/\/jkoehler.diskstation.me\/wordpress\/diaries\/tgb-since-1993\/berlin-neuanfang-1993-95-familiengrundung-studium\/1994-2\/3-januar-1994-manner-frauen-sterblichkeit\/\" class=\"more-link\">Continue reading<span class=\"screen-reader-text\"> &#8220;3. Januar 1994: M\u00e4nner, Frauen, Sterblichkeit&#8221;<\/span><\/a><\/p>\n","protected":false},"author":1,"featured_media":2064,"parent":4604,"menu_order":4,"comment_status":"closed","ping_status":"closed","template":"","meta":{"footnotes":""},"class_list":["post-2046","page","type-page","status-publish","has-post-thumbnail","hentry"],"_links":{"self":[{"href":"http:\/\/jkoehler.diskstation.me\/wordpress\/wp-json\/wp\/v2\/pages\/2046","targetHints":{"allow":["GET"]}}],"collection":[{"href":"http:\/\/jkoehler.diskstation.me\/wordpress\/wp-json\/wp\/v2\/pages"}],"about":[{"href":"http:\/\/jkoehler.diskstation.me\/wordpress\/wp-json\/wp\/v2\/types\/page"}],"author":[{"embeddable":true,"href":"http:\/\/jkoehler.diskstation.me\/wordpress\/wp-json\/wp\/v2\/users\/1"}],"replies":[{"embeddable":true,"href":"http:\/\/jkoehler.diskstation.me\/wordpress\/wp-json\/wp\/v2\/comments?post=2046"}],"version-history":[{"count":3,"href":"http:\/\/jkoehler.diskstation.me\/wordpress\/wp-json\/wp\/v2\/pages\/2046\/revisions"}],"predecessor-version":[{"id":2059,"href":"http:\/\/jkoehler.diskstation.me\/wordpress\/wp-json\/wp\/v2\/pages\/2046\/revisions\/2059"}],"up":[{"embeddable":true,"href":"http:\/\/jkoehler.diskstation.me\/wordpress\/wp-json\/wp\/v2\/pages\/4604"}],"wp:featuredmedia":[{"embeddable":true,"href":"http:\/\/jkoehler.diskstation.me\/wordpress\/wp-json\/wp\/v2\/media\/2064"}],"wp:attachment":[{"href":"http:\/\/jkoehler.diskstation.me\/wordpress\/wp-json\/wp\/v2\/media?parent=2046"}],"curies":[{"name":"wp","href":"https:\/\/api.w.org\/{rel}","templated":true}]}}