{"id":1489,"date":"2018-03-13T13:13:12","date_gmt":"2018-03-13T12:13:12","guid":{"rendered":"http:\/\/jkoehler.diskstation.me\/wordpress\/?page_id=1489"},"modified":"2019-03-16T14:16:30","modified_gmt":"2019-03-16T13:16:30","slug":"tbilissi-30-april-1993","status":"publish","type":"page","link":"http:\/\/jkoehler.diskstation.me\/wordpress\/diaries\/tagebuch-leningrad-st-petersburg-tbilisi-1991-1993\/georgien-1992-93\/tbilissi-30-april-1993\/","title":{"rendered":"Tbilissi, 30. April 1993: Gewalt und Schamlosigkeit"},"content":{"rendered":"<p>Platon \u00fcber Frauen: &#8220;\u041d\u0443, \u043a\u043e\u0435-\u0447\u0442\u043e \u0437\u043d\u0430\u044e\u0442, \u043a\u043e\u0435-\u0447\u0442\u043e \u043d\u0435 \u0437\u043d\u0430\u044e\u0442, \u0448\u0443\u043c\u043d\u044b\u0435 \u0442\u0430\u043a\u0438\u0435, \u0442\u0443\u0434\u0430-\u0441\u044e\u0434\u0430\u2026 &#8211; \u0447\u0443\u0434\u0430\u043a\u0438 \u2026 \u043d\u0430\u0441\u0442\u043e\u044f\u0449\u0438\u0435 \u0447\u0443\u0434\u0430\u043a\u0438&#8221;, \u043e\u043d \u0434\u043e\u0431\u0430\u0432\u0438\u043b \u0437\u0430\u0434\u0443\u043c\u0447\u0438\u0432\u043e.<\/p>\n<p>&nbsp;<\/p>\n<p style=\"padding-left: 30px;\">&#8211; Ich m\u00f6chte dich heute Abend zwischen meinen Schenkeln beben sp\u00fcren&#8230; .<\/p>\n<p style=\"padding-left: 30px;\">&#8211; \u00c4h, ist das nicht diese Sache mit den schwei\u00dfverklebten K\u00f6rpern und krampf\u00adverzerr\u00adten Gesichtern?<\/p>\n<p style=\"padding-left: 30px;\">&#8211; Exakt das.<\/p>\n<p style=\"padding-left: 30px;\">&#8211; Ich habe den Sinn im Sex noch nicht so ganz durchschaut.<\/p>\n<p style=\"padding-left: 30px;\">&#8211; Wart, ich brings Dir bei&#8230; . I&#8217;ll teach you the rules.<\/p>\n<p style=\"padding-left: 30px;\">&#8211; Au fein!&#8230;<\/p>\n<p style=\"padding-left: 30px;\">Und dann, nach einer prall durchfickten Nacht, antwortet er, auf ihre atemlose Frage hin:<\/p>\n<p style=\"padding-left: 30px;\">&#8211; Und? Hast Du&#8217;s jetzt kapiert?<\/p>\n<p style=\"padding-left: 30px;\">&#8211; So ganz hab ich\u2018s noch nicht begriffen.<\/p>\n<p>&nbsp;<\/p>\n<p>Ein Aspekt, der mir an b\u00fcrgerlich durchorganisierten Gesellschaf\u00adten besonders gut gef\u00e4llt, ist es, da\u00df man sich ich einer Atmosph\u00e4re der Gewaltlosigkeit alle m\u00f6glichen Freiheiten bis in die Schamlosigkeit herausnehmen kann, ohne da\u00df diese allzu h\u00e4\u00dflich werden. In Gesellschaften, in denen die Gewalt regiert, gibt es Schamlosig\u00adkeit nur als urodstwo, mu\u00df Schamlosigkeit immer h\u00e4\u00dflich sein.<\/p>\n<p>Mit Blick auf Dich kann man Gott seine Sch\u00f6pfung wirklich zum Vorwurf machen.<\/p>\n<p>&nbsp;<\/p>\n<p>\u0421\u0442\u0440\u0430\u043d\u043d\u043e, \u0447\u0442\u043e \u043c\u0443\u0436\u0447\u0438\u043d\u044b \u043d\u0435 \u0434\u043e\u043e\u0446\u0435\u043d\u0438\u0432\u0430\u044e\u0442 \u043a\u0430\u0447\u0435\u0441\u0442\u0432\u043e \u0432\u0438\u043d\u0430, \u043a\u043e\u0442\u043e\u0440\u043e\u0435 \u043e\u0438\u043d \u043f\u044c\u044e\u0442. \u042d\u0442\u0438\u043a\u0435\u0442, \u043d\u0430\u0432\u0435\u0440\u043d\u043e, \u043f\u0440\u043e\u0447\u0438\u0442\u0430\u043b\u0438\u2026, \u0440\u0430\u0437\u0443\u043c\u043e\u043c \u0437\u043d\u0430\u044e\u0442 \u043e \u0447\u0435\u043c \u0440\u0435\u0447\u044c, \u043d\u043e \u043d\u0435 \u0441\u043c\u043e\u0442\u0440\u044f \u043d\u0430 \u0442\u043e, \u043a\u0430\u043a\u043e\u0435 \u043a\u0430\u0447\u0435\u0441\u0442\u0432\u043e \u0443 \u0432\u0438\u043d\u0430 \u2013 \u043f\u044c\u044e\u0442 \u0438 \u043f\u044c\u044f\u043d\u0435\u044e\u0442. \u0420\u0430\u0437\u043d\u0438\u0446\u0443 \u2013 \u0435\u0441\u043b\u0438 \u0432\u043e\u043e\u0431\u0449\u0435 \u0443\u0437\u043d\u0430\u044e\u0442 \u2013 \u043f\u043e\u0437\u0434\u043d\u043e. \u041a\u0430\u043a \u0432\u0441\u0435\u0433\u0434\u0430: \u043e\u043f\u0430\u0437\u0434\u044b\u0432\u0430\u044e\u0442.<\/p>\n<p>&nbsp;<\/p>\n<p>&#8211;&gt; <a href=\"http:\/\/jkoehler.diskstation.me\/wordpress\/diaries\/tagebuch-leningrad-st-petersburg-tbilisi-1991-1993\/georgien-1992-93\/tbilissi-11-mai-1993\/\">next page<\/a><\/p>\n","protected":false},"excerpt":{"rendered":"<p>Platon \u00fcber Frauen: &#8220;\u041d\u0443, \u043a\u043e\u0435-\u0447\u0442\u043e \u0437\u043d\u0430\u044e\u0442, \u043a\u043e\u0435-\u0447\u0442\u043e \u043d\u0435 \u0437\u043d\u0430\u044e\u0442, \u0448\u0443\u043c\u043d\u044b\u0435 \u0442\u0430\u043a\u0438\u0435, \u0442\u0443\u0434\u0430-\u0441\u044e\u0434\u0430\u2026 &#8211; \u0447\u0443\u0434\u0430\u043a\u0438 \u2026 \u043d\u0430\u0441\u0442\u043e\u044f\u0449\u0438\u0435 \u0447\u0443\u0434\u0430\u043a\u0438&#8221;, \u043e\u043d \u0434\u043e\u0431\u0430\u0432\u0438\u043b \u0437\u0430\u0434\u0443\u043c\u0447\u0438\u0432\u043e. &nbsp; &#8211; Ich m\u00f6chte dich heute Abend zwischen meinen Schenkeln beben sp\u00fcren&#8230; . &#8211; \u00c4h, ist das nicht diese Sache mit den schwei\u00dfverklebten K\u00f6rpern und krampf\u00adverzerr\u00adten Gesichtern? &#8211; Exakt das. &#8211; Ich habe den Sinn &hellip; <\/p>\n<p class=\"link-more\"><a href=\"http:\/\/jkoehler.diskstation.me\/wordpress\/diaries\/tagebuch-leningrad-st-petersburg-tbilisi-1991-1993\/georgien-1992-93\/tbilissi-30-april-1993\/\" class=\"more-link\">Continue reading<span class=\"screen-reader-text\"> &#8220;Tbilissi, 30. April 1993: Gewalt und Schamlosigkeit&#8221;<\/span><\/a><\/p>\n","protected":false},"author":1,"featured_media":0,"parent":1077,"menu_order":68,"comment_status":"closed","ping_status":"closed","template":"","meta":{"footnotes":""},"class_list":["post-1489","page","type-page","status-publish","hentry"],"_links":{"self":[{"href":"http:\/\/jkoehler.diskstation.me\/wordpress\/wp-json\/wp\/v2\/pages\/1489","targetHints":{"allow":["GET"]}}],"collection":[{"href":"http:\/\/jkoehler.diskstation.me\/wordpress\/wp-json\/wp\/v2\/pages"}],"about":[{"href":"http:\/\/jkoehler.diskstation.me\/wordpress\/wp-json\/wp\/v2\/types\/page"}],"author":[{"embeddable":true,"href":"http:\/\/jkoehler.diskstation.me\/wordpress\/wp-json\/wp\/v2\/users\/1"}],"replies":[{"embeddable":true,"href":"http:\/\/jkoehler.diskstation.me\/wordpress\/wp-json\/wp\/v2\/comments?post=1489"}],"version-history":[{"count":3,"href":"http:\/\/jkoehler.diskstation.me\/wordpress\/wp-json\/wp\/v2\/pages\/1489\/revisions"}],"predecessor-version":[{"id":1999,"href":"http:\/\/jkoehler.diskstation.me\/wordpress\/wp-json\/wp\/v2\/pages\/1489\/revisions\/1999"}],"up":[{"embeddable":true,"href":"http:\/\/jkoehler.diskstation.me\/wordpress\/wp-json\/wp\/v2\/pages\/1077"}],"wp:attachment":[{"href":"http:\/\/jkoehler.diskstation.me\/wordpress\/wp-json\/wp\/v2\/media?parent=1489"}],"curies":[{"name":"wp","href":"https:\/\/api.w.org\/{rel}","templated":true}]}}