{"id":1466,"date":"2018-03-13T11:30:54","date_gmt":"2018-03-13T10:30:54","guid":{"rendered":"http:\/\/jkoehler.diskstation.me\/wordpress\/?page_id=1466"},"modified":"2019-03-16T14:16:30","modified_gmt":"2019-03-16T13:16:30","slug":"tbilissi-19-april-1993","status":"publish","type":"page","link":"http:\/\/jkoehler.diskstation.me\/wordpress\/diaries\/tagebuch-leningrad-st-petersburg-tbilisi-1991-1993\/georgien-1992-93\/tbilissi-19-april-1993\/","title":{"rendered":"Tbilissi, 19. April 1993: Stra\u00dfenszenen"},"content":{"rendered":"<p>&#8211; Eine Frau mittleren Alters, schlank, gro\u00df, mit feingeschnittenem Gesicht, das einen inneren Kampf verr\u00e4t, geht die Stra\u00dfe entlang. Sie tr\u00e4gt eine offensichtlich schwere Plastikt\u00fcte, bem\u00fcht, die Tragelaschen nicht rei\u00dfen zu lassen. 20 Meter hinter ihr trottet ein untersetzter Mann, leicht beladen.<\/p>\n<p>Pl\u00f6tzlich wendet die Frau sich wild um, wirft dem Mann einen feurigen Blick zu, hebt ihre Tasche mit ausgestreckten Armen in die H\u00f6he und sch\u00fcttet mit eleganter Bewegung, in den H\u00fcften wiegend, ihren Inhalt &#8211; Kartoffeln &#8211; auf die Stra\u00dfe. In der gleichen akkuraten Manier, mit der eine Verk\u00e4uferin im staatlichen Sowjetgesch\u00e4ft die letzten Reste Zucker in die Waagschale sch\u00fcttet. H\u00e4lt die T\u00fcte noch einmal demonstrativ dem Mann entgegen, als wolle sie beweisen, da\u00df sie auch wirklich ganz entleert sei, wirft sich ungest\u00fcm herum und geht mit gro\u00dfen Schritten weiter. Ihr Gesichtsausdruck hat sich in dieser kurzen Zeitspanne radikal ver\u00e4ndert: Belastet und bedr\u00fcckt kam sie daher und, als w\u00e4re es das erste Mal seit Jahren, warf sie den Ballast ab, richtete sich auf und atmete eine frische Luft wieder tief. Ihr Gesicht spr\u00fchte vor Leidenschaft und Lust, als sie triumphierend an mir vor\u00fcberschritt.<\/p>\n<p>&#8211; Auf gleicher Stra\u00dfe viel mir am Kinderpark eine elegant gekleidete alte Hexe auf, die im Sonnenschein die Stufen von-den tiefer gelegenen Parkanlagen zur Stra\u00dfe mit knixigem Gang hinaufbalancierte. Sie war so als Ganzes eine Epatage, eine Ohrfeige ins Gesicht des \u00f6ffentlichen Geschmacks: In schwarzen, zeitlosen Geschmacklosigkeit) gekleidet, T\u00fcll und Spitze \u00fcberall, die Haare vor einigen Monaten das letzte Mal rot gef\u00e4rbt, die faltigen Augenlieder geringsch\u00e4tzig halb geschlossen. Ihre chronisch verk\u00fcrzten Gesichtsmuskeln hatten ihre Physiognomie in eine ewig h\u00f6hnende Fratze verzogen. Auf einem gr\u00f6\u00dferen Treppenabsatz, auf der H\u00e4lfte des gut einsehbaren Aufganges machte sie halt, blickte sich mit wackelndem Kopf um, zog den st\u00e4ndig leicht zuckenden rechten Mundwinkel noch ein St\u00fcck tiefer, holte eine Zigarette aus silbernem Etui und steckte sie sich gen\u00fc\u00dflich an.<\/p>\n<p>Die Passanten starrten sie nat\u00fcrlich entsetzt an, und w\u00e4re sie eine andere Frau und nicht solch ein Drachen gewesen, h\u00e4tte sie sich mit Sicherheit irgendwelche P\u00f6beleien gefallen lassen m\u00fcssen. Rauchen gilt f\u00fcr Frauen allg. zumindest als unfein; auf der Stra\u00dfe ist es einfach tabu.<\/p>\n<p>&nbsp;<\/p>\n<p>&#8211;&gt; <a href=\"http:\/\/jkoehler.diskstation.me\/wordpress\/diaries\/tagebuch-leningrad-st-petersburg-tbilisi-1991-1993\/georgien-1992-93\/tbilissi-20-april-1993\/\">next page<\/a><\/p>\n","protected":false},"excerpt":{"rendered":"<p>&#8211; Eine Frau mittleren Alters, schlank, gro\u00df, mit feingeschnittenem Gesicht, das einen inneren Kampf verr\u00e4t, geht die Stra\u00dfe entlang. Sie tr\u00e4gt eine offensichtlich schwere Plastikt\u00fcte, bem\u00fcht, die Tragelaschen nicht rei\u00dfen zu lassen. 20 Meter hinter ihr trottet ein untersetzter Mann, leicht beladen. Pl\u00f6tzlich wendet die Frau sich wild um, wirft dem Mann einen feurigen Blick &hellip; <\/p>\n<p class=\"link-more\"><a href=\"http:\/\/jkoehler.diskstation.me\/wordpress\/diaries\/tagebuch-leningrad-st-petersburg-tbilisi-1991-1993\/georgien-1992-93\/tbilissi-19-april-1993\/\" class=\"more-link\">Continue reading<span class=\"screen-reader-text\"> &#8220;Tbilissi, 19. April 1993: Stra\u00dfenszenen&#8221;<\/span><\/a><\/p>\n","protected":false},"author":1,"featured_media":0,"parent":1077,"menu_order":62,"comment_status":"closed","ping_status":"closed","template":"","meta":{"footnotes":""},"class_list":["post-1466","page","type-page","status-publish","hentry"],"_links":{"self":[{"href":"http:\/\/jkoehler.diskstation.me\/wordpress\/wp-json\/wp\/v2\/pages\/1466","targetHints":{"allow":["GET"]}}],"collection":[{"href":"http:\/\/jkoehler.diskstation.me\/wordpress\/wp-json\/wp\/v2\/pages"}],"about":[{"href":"http:\/\/jkoehler.diskstation.me\/wordpress\/wp-json\/wp\/v2\/types\/page"}],"author":[{"embeddable":true,"href":"http:\/\/jkoehler.diskstation.me\/wordpress\/wp-json\/wp\/v2\/users\/1"}],"replies":[{"embeddable":true,"href":"http:\/\/jkoehler.diskstation.me\/wordpress\/wp-json\/wp\/v2\/comments?post=1466"}],"version-history":[{"count":7,"href":"http:\/\/jkoehler.diskstation.me\/wordpress\/wp-json\/wp\/v2\/pages\/1466\/revisions"}],"predecessor-version":[{"id":1992,"href":"http:\/\/jkoehler.diskstation.me\/wordpress\/wp-json\/wp\/v2\/pages\/1466\/revisions\/1992"}],"up":[{"embeddable":true,"href":"http:\/\/jkoehler.diskstation.me\/wordpress\/wp-json\/wp\/v2\/pages\/1077"}],"wp:attachment":[{"href":"http:\/\/jkoehler.diskstation.me\/wordpress\/wp-json\/wp\/v2\/media?parent=1466"}],"curies":[{"name":"wp","href":"https:\/\/api.w.org\/{rel}","templated":true}]}}