{"id":1408,"date":"2018-03-12T17:20:42","date_gmt":"2018-03-12T16:20:42","guid":{"rendered":"http:\/\/jkoehler.diskstation.me\/wordpress\/?page_id=1408"},"modified":"2019-03-16T14:16:30","modified_gmt":"2019-03-16T13:16:30","slug":"tbilissi-1-april-1993","status":"publish","type":"page","link":"http:\/\/jkoehler.diskstation.me\/wordpress\/diaries\/tagebuch-leningrad-st-petersburg-tbilisi-1991-1993\/georgien-1992-93\/tbilissi-1-april-1993\/","title":{"rendered":"Tbilissi, 1. April 1993: bei Inga und Olga im Iveria zu Gast"},"content":{"rendered":"<p>Heute mit Loscha bei Olga und ihrer Schwester Inga (?) zu Abend gegessen. Beiden ist eine sehr geschmackvolle Art zu eigen, Sprache pointiert aufzutragen.<\/p>\n<p>&#8211; In der Jugend einer ihrer Mitarbeiter geschah es, da\u00df ein junger Mann sie beim Promenieren ansprach und sie dazu einlud, mit ihr in einer weniger einsehbaren Seitenstra\u00dfe K\u00fcsse zu tauschen. Sie willigte, angesichts des attraktiven \u00c4u\u00dferen des J\u00fcnglings ein. An diskreterem Orte angekommen, stellte sie sich, die Augen geschlossen, in Pose und wartete &#8211; vergebens. Sie \u00f6ffnete die Augen also wieder und fand den jungen Freier verschwunden. Buchst\u00e4blich von der Erde verschluckt, denn nach kurzer Konzentration verstand sie, da\u00df er ihr folgend in einen offenen Gulli gefallen war. Nur mit M\u00fche bekam sie ihn zu fassen und brachte ihn wieder an die Erdoberfl\u00e4che; zum K\u00fcssen war er allerdings nicht mehr zu haben, und er zog es vor, sie direkt nach Hause zu begleiten. Dort verabschiedete er sich schroff und ging seiner Wege. Sie rief einige Tage sp\u00e4ter bei ihm an, weil sie vernutete, da\u00df sein Schamgef\u00fchl ihn davon abhielt sich zu melden, und fand heraus, da\u00df ihr ungl\u00fccklicher Don Quichotte mit doppeltem Beinbruch im Krankenhaus lag.<\/p>\n<p>&#8211; Irgendwo zu Gast sein, sich duschen, weil&#8217; s zu Hause kein hei\u00dfes Wasser gibt, in die Badewanne beim Duschen pinkeln und erst danach feststellen, da\u00df der Abflu\u00df verstopft ist.<\/p>\n<p>&#8211; Traum von der H\u00f6lle als Schlaraffenland, in dem der Teufel W\u00fcnsche err\u00e4t und erf\u00fcllt , wie: Sch\u00f6nheit; die Gedanken anderer 1esen zu k\u00f6nnen; M\u00e4nner wie Frauen beliebig verf\u00fchren zu k\u00f6nnen &#8211; daf\u00fcr aber ewig auf Erden leben zu m\u00fcssen, d.h. die H\u00f6lle bleibt der Seele verwehrt.<\/p>\n<p>Avantgardisten veranstalten hier jetzt manchmal kleine Skandale: Letzten Samstag zog sich ein K\u00fcnstler der Gruppe auf offener Stra\u00dfe nackt aus und \u00fcbergo\u00df sich mit Farbe. Jetzt Samstag wird der\u00b7 Kopf der Gruppe eine Nacht alleine in einem K\u00e4fig im Zoo verbringen und die Nacht hindurch Gedichte schreiben, um diese dann am n\u00e4chsten Morgen seinen Freunden vor Ort vorzutragen. Loscha meinte, da\u00df diese Wege doch alle schon gegangen seien. Inga hielt dagegen, da\u00df diese Wege aber neu sein f\u00fcr die, die sie sich jetzt als Ausdrucksform erschlie\u00dfen.<\/p>\n<p>&nbsp;<\/p>\n<p>Aufgaben f\u00fcr die n\u00e4chsten drei Monate Kaukasus:<\/p>\n<p style=\"padding-left: 30px;\">&#8211; \u00dcberblick \u00fcber Heilpflanzenverwendung in Georgien, insbs. Swaneti, verschaffen;<\/p>\n<p style=\"padding-left: 30px;\">&#8211; Nach Poti fahren und Haus kaufen;<\/p>\n<p style=\"padding-left: 30px;\">&#8211; Georgisch flei\u00dfig lernen;<\/p>\n<p style=\"padding-left: 30px;\">&#8211; auf Russisch h\u00fcpsche Geschichten schreiben;<\/p>\n<p style=\"padding-left: 30px;\">&#8211; nach Swaneti fahren (Juni) lmd Feldarbeit betreiben;<\/p>\n<p style=\"padding-left: 30px;\">&#8211; Wardsia besichtigen und ins Gebiet der umgesiedelten Armenier fahren.<\/p>\n<p>&nbsp;<\/p>\n<p>&#8211;&gt; <a href=\"http:\/\/jkoehler.diskstation.me\/wordpress\/diaries\/tagebuch-leningrad-st-petersburg-tbilisi-1991-1993\/georgien-1992-93\/tbilissi-7-april-1993\/\">next page<\/a><\/p>\n","protected":false},"excerpt":{"rendered":"<p>Heute mit Loscha bei Olga und ihrer Schwester Inga (?) zu Abend gegessen. Beiden ist eine sehr geschmackvolle Art zu eigen, Sprache pointiert aufzutragen. &#8211; In der Jugend einer ihrer Mitarbeiter geschah es, da\u00df ein junger Mann sie beim Promenieren ansprach und sie dazu einlud, mit ihr in einer weniger einsehbaren Seitenstra\u00dfe K\u00fcsse zu tauschen. &hellip; <\/p>\n<p class=\"link-more\"><a href=\"http:\/\/jkoehler.diskstation.me\/wordpress\/diaries\/tagebuch-leningrad-st-petersburg-tbilisi-1991-1993\/georgien-1992-93\/tbilissi-1-april-1993\/\" class=\"more-link\">Continue reading<span class=\"screen-reader-text\"> &#8220;Tbilissi, 1. April 1993: bei Inga und Olga im Iveria zu Gast&#8221;<\/span><\/a><\/p>\n","protected":false},"author":1,"featured_media":1461,"parent":1077,"menu_order":54,"comment_status":"closed","ping_status":"closed","template":"","meta":{"footnotes":""},"class_list":["post-1408","page","type-page","status-publish","has-post-thumbnail","hentry"],"_links":{"self":[{"href":"http:\/\/jkoehler.diskstation.me\/wordpress\/wp-json\/wp\/v2\/pages\/1408","targetHints":{"allow":["GET"]}}],"collection":[{"href":"http:\/\/jkoehler.diskstation.me\/wordpress\/wp-json\/wp\/v2\/pages"}],"about":[{"href":"http:\/\/jkoehler.diskstation.me\/wordpress\/wp-json\/wp\/v2\/types\/page"}],"author":[{"embeddable":true,"href":"http:\/\/jkoehler.diskstation.me\/wordpress\/wp-json\/wp\/v2\/users\/1"}],"replies":[{"embeddable":true,"href":"http:\/\/jkoehler.diskstation.me\/wordpress\/wp-json\/wp\/v2\/comments?post=1408"}],"version-history":[{"count":3,"href":"http:\/\/jkoehler.diskstation.me\/wordpress\/wp-json\/wp\/v2\/pages\/1408\/revisions"}],"predecessor-version":[{"id":1984,"href":"http:\/\/jkoehler.diskstation.me\/wordpress\/wp-json\/wp\/v2\/pages\/1408\/revisions\/1984"}],"up":[{"embeddable":true,"href":"http:\/\/jkoehler.diskstation.me\/wordpress\/wp-json\/wp\/v2\/pages\/1077"}],"wp:featuredmedia":[{"embeddable":true,"href":"http:\/\/jkoehler.diskstation.me\/wordpress\/wp-json\/wp\/v2\/media\/1461"}],"wp:attachment":[{"href":"http:\/\/jkoehler.diskstation.me\/wordpress\/wp-json\/wp\/v2\/media?parent=1408"}],"curies":[{"name":"wp","href":"https:\/\/api.w.org\/{rel}","templated":true}]}}