{"id":1217,"date":"2018-03-10T12:48:58","date_gmt":"2018-03-10T11:48:58","guid":{"rendered":"http:\/\/jkoehler.diskstation.me\/wordpress\/?page_id=1217"},"modified":"2019-03-16T14:15:43","modified_gmt":"2019-03-16T13:15:43","slug":"tbilisi-20-dezember-1992-2","status":"publish","type":"page","link":"http:\/\/jkoehler.diskstation.me\/wordpress\/diaries\/tagebuch-leningrad-st-petersburg-tbilisi-1991-1993\/georgien-1992-93\/tbilisi-20-dezember-1992-2\/","title":{"rendered":"Tbilisi, 21. Dezember 1992:  Bandit mit M\u00f6chtegerndieb zu Hause"},"content":{"rendered":"<p>Der Bandit, der heute mit einem Freund, dem Stil nach Chicago, 30&#8217;ger Jahre, zum Telefonieren vorbeikam und bei der Gelegenheit es verdammt hartn\u00e4ckig versuchte mir meine Schuhe abzuschwatzen, erz\u00e4hlte mir von dem sehr beliebten Spiel des Auto-kidnappens: Ein Auto wird gestohlen, der Dieb stellt es irgendwo ab, ruft dann einen von drei in der Stadt ans\u00e4ssigen &#8220;Buchhaltern&#8221; an, gibt dem Registriernummer und Typ durch und wartet. Der Bestohlene findet in der Zwischenzeit Kontaktm\u00e4nner in der Szene, die die Verbindung zum Buchhalter herstellen. Dieser pr\u00fcft, ob das gesuchte Auto bei ihm registriert ist, und \u00fcbermittelt die L\u00f6segeldforderung. Ist der R\u00fcckk\u00e4ufer einverstanden, wird sein Auto an den gew\u00fcnschten Platz gestellt und er \u00fcbergibt das Geld in den folgenden Tagen \u2013 \u00fcbergibt er&#8217;s nicht, wird es wieder geklaut.<\/p>\n<p>&nbsp;<\/p>\n<p>Tiniko erz\u00e4hlte mir von ihrem Bruder, der, wie alle jungen unverheirateten Tbilisser Buben, regelm\u00e4\u00dfig zu Prostituierten geht. Sie war nicht wenig \u00fcberrascht zu erfahren, da\u00df ich Sex nicht als reflexive Notwendigkeit meines vegetativen Nervensystems ansehe. Vielleicht gelingt es ihr, mich \u00fcber ihren Bruder in diese feuchte H\u00f6hle Tbilissier Gesellschaft einzuf\u00fchren (sie bot mir das zun\u00e4chst im sorgenvollen Hinblick auf meine Potenzbefriedigung an).<a href=\"http:\/\/jkoehler.diskstation.me\/wordpress\/wp-content\/uploads\/2018\/03\/APS013-637_006georgien1997.jpg\"><img loading=\"lazy\" decoding=\"async\" class=\"alignleft size-full wp-image-1244\" src=\"http:\/\/jkoehler.diskstation.me\/wordpress\/wp-content\/uploads\/2018\/03\/APS013-637_006georgien1997.jpg\" alt=\"\" width=\"1000\" height=\"655\" srcset=\"http:\/\/jkoehler.diskstation.me\/wordpress\/wp-content\/uploads\/2018\/03\/APS013-637_006georgien1997.jpg 1000w, http:\/\/jkoehler.diskstation.me\/wordpress\/wp-content\/uploads\/2018\/03\/APS013-637_006georgien1997-300x197.jpg 300w, http:\/\/jkoehler.diskstation.me\/wordpress\/wp-content\/uploads\/2018\/03\/APS013-637_006georgien1997-768x503.jpg 768w\" sizes=\"auto, (max-width: 767px) 89vw, (max-width: 1000px) 54vw, (max-width: 1071px) 543px, 580px\" \/><\/a><\/p>\n<p>&nbsp;<\/p>\n<p>Die Georgier &#8211; Meister des Absurden: Die car-alarms heulen st\u00e4ndig, jeden Tag rast ein Auto mit quietschenden Reifen vor, ein Typ rei\u00dft die T\u00fcr auf, springt raus und br\u00fcllt ein paar Duzend Mal &#8220;Dato!&#8221; die H\u00e4userzeile hoch &#8211; ein Ruf der keinen Tag beantwortet wird &#8211; hupt zur Abwechslung wie ein Besessener (und wie all die Anderen, die ihre Kumpanen mit etwas gr\u00f6\u00dferen Erfo1gchancen anrufen) , steigt wieder in sein Auto und rast davon. Gesehen und geh\u00f6rt werden ist alles. Unglaubliche Idioten.<\/p>\n<p>&#8211;&gt; <a href=\"http:\/\/jkoehler.diskstation.me\/wordpress\/diaries\/tagebuch-leningrad-st-petersburg-tbilisi-1991-1993\/georgien-1992-93\/tbilisi-23-dezember-1992\/\">next page<\/a><\/p>\n","protected":false},"excerpt":{"rendered":"<p>Der Bandit, der heute mit einem Freund, dem Stil nach Chicago, 30&#8217;ger Jahre, zum Telefonieren vorbeikam und bei der Gelegenheit es verdammt hartn\u00e4ckig versuchte mir meine Schuhe abzuschwatzen, erz\u00e4hlte mir von dem sehr beliebten Spiel des Auto-kidnappens: Ein Auto wird gestohlen, der Dieb stellt es irgendwo ab, ruft dann einen von drei in der Stadt &hellip; <\/p>\n<p class=\"link-more\"><a href=\"http:\/\/jkoehler.diskstation.me\/wordpress\/diaries\/tagebuch-leningrad-st-petersburg-tbilisi-1991-1993\/georgien-1992-93\/tbilisi-20-dezember-1992-2\/\" class=\"more-link\">Continue reading<span class=\"screen-reader-text\"> &#8220;Tbilisi, 21. Dezember 1992:  Bandit mit M\u00f6chtegerndieb zu Hause&#8221;<\/span><\/a><\/p>\n","protected":false},"author":1,"featured_media":1241,"parent":1077,"menu_order":25,"comment_status":"closed","ping_status":"closed","template":"","meta":{"footnotes":""},"class_list":["post-1217","page","type-page","status-publish","has-post-thumbnail","hentry"],"_links":{"self":[{"href":"http:\/\/jkoehler.diskstation.me\/wordpress\/wp-json\/wp\/v2\/pages\/1217","targetHints":{"allow":["GET"]}}],"collection":[{"href":"http:\/\/jkoehler.diskstation.me\/wordpress\/wp-json\/wp\/v2\/pages"}],"about":[{"href":"http:\/\/jkoehler.diskstation.me\/wordpress\/wp-json\/wp\/v2\/types\/page"}],"author":[{"embeddable":true,"href":"http:\/\/jkoehler.diskstation.me\/wordpress\/wp-json\/wp\/v2\/users\/1"}],"replies":[{"embeddable":true,"href":"http:\/\/jkoehler.diskstation.me\/wordpress\/wp-json\/wp\/v2\/comments?post=1217"}],"version-history":[{"count":6,"href":"http:\/\/jkoehler.diskstation.me\/wordpress\/wp-json\/wp\/v2\/pages\/1217\/revisions"}],"predecessor-version":[{"id":1937,"href":"http:\/\/jkoehler.diskstation.me\/wordpress\/wp-json\/wp\/v2\/pages\/1217\/revisions\/1937"}],"up":[{"embeddable":true,"href":"http:\/\/jkoehler.diskstation.me\/wordpress\/wp-json\/wp\/v2\/pages\/1077"}],"wp:featuredmedia":[{"embeddable":true,"href":"http:\/\/jkoehler.diskstation.me\/wordpress\/wp-json\/wp\/v2\/media\/1241"}],"wp:attachment":[{"href":"http:\/\/jkoehler.diskstation.me\/wordpress\/wp-json\/wp\/v2\/media?parent=1217"}],"curies":[{"name":"wp","href":"https:\/\/api.w.org\/{rel}","templated":true}]}}