{"id":1183,"date":"2018-03-09T15:19:01","date_gmt":"2018-03-09T14:19:01","guid":{"rendered":"http:\/\/jkoehler.diskstation.me\/wordpress\/?page_id=1183"},"modified":"2019-03-16T14:15:43","modified_gmt":"2019-03-16T13:15:43","slug":"tbilisi-10-dezember-1992","status":"publish","type":"page","link":"http:\/\/jkoehler.diskstation.me\/wordpress\/diaries\/tagebuch-leningrad-st-petersburg-tbilisi-1991-1993\/georgien-1992-93\/tbilisi-10-dezember-1992\/","title":{"rendered":"Tbilisi, 10. Dezember 1992: Zahnarzt und krimineller Nachbar"},"content":{"rendered":"<p>Heut geht\u2019s ab zum Zahnarzt, den verfluchten Nerv ziehen zu lassen, Die letzten Tage &#8211; vor allem N\u00e4chte &#8211; habe ich nur noch mit Aspirin \u00fcberstanden. Der weiche Ljoscha vermittelte mir seine Lieblingszahn\u00e4rztin.<\/p>\n<p>Gestern einen franz\u00f6sischen Journalisten, Patrik, russischer Abstammung kennengelernt. Er arbeitet f\u00fcr die franz\u00f6sische Presseagentur vor allem hier in der kaukasischen Region. Er lud uns (Ljoscha, Inesa und mich) nach vollendetem Arbeitstag in der Redaktion von SVOBODNAYA GRUZIA in das unter Sviat Gamsachurdia er\u00f6ffnete Hotel Metechi ein. Ein ziemlich am\u00fcsanter Palast, von \u00d6sterreichern geleitet. Ein geschmackvoller, doch fehlplazierter Vorposten westlicher Selbstdarstellung. Dort im Fernsehen von der amerikanischen Invasion Somalias geh\u00f6rt.<\/p>\n<p>Gamsachurdia macht ansonsten jetzt den Weltenbummler, bereiste Finnland, ist jetzt in \u00d6sterreich und bekam zun\u00e4chst kein Visum f\u00fcr Deutschland (da ist B.M. gl\u00fccklicher dran). Er h\u00e4lt vor allem Reden f\u00fcr die Nationalstaatlichkeit und gegen ein vereintes Europa.<\/p>\n<p>In Moskau ist es heute zu Unruhen zwischen sogn. Demokraten (Bef\u00fcrwortern Jelzins) und &#8220;Antidemokraten&#8221; (Reaktion\u00e4re rechts wie links) gekommen. Schewardnadse gab diesbez\u00fcglich stante pede eine Pressekonferenz. Zu PEREWAROTA in Georgien selbst befragt, gab er zu Antwort: &#8220;Diese Leute sollen sich auf eine &#8220;Revolution&#8221; (=Umkehrung) in ihrem Bett beschr\u00e4nken.&#8221;<\/p>\n<p>&nbsp;<\/p>\n<p>Als meine Vermieterin heute morgen erfuhr, da\u00df der Sohn meiner Nachbarn aus dem Gef\u00e4ngnis zur\u00fcckgekehrt sei, in das er wegen diverser Einbruchsdelikte gesteckt worden war, kam sie stehenden Fu\u00dfes in meiner Abwesenheit zu mir und bewachte meine Habseligkeiten. Sie wartete, bis ich heute Nachmittag vom Zahnarzt zur\u00fcckgekommen war. Bis auf den Computer habe ich Wertsachen jetzt bei ihr deponiert.<\/p>\n<p>Die junge Zahn\u00e4rztin machte mit Fingerfertigkeit und Herz die technische R\u00fcckst\u00e4ndigkeit der staatlichen Poliklinik, in der ich mich wiederfand, elegant wett.<\/p>\n<p>Schwierig war es zun\u00e4chst nur eine R\u00f6ntgenaufnahme des verfluchten Zahns \u2013 Gott habe ihn selig &#8211; zu beschaffen, weil just als ich ins Labor trat, der Strohm mal wieder abgestellt wurde. Der Strom wird hier ohne nachvollziehbare Regelm\u00e4\u00dfigkeit Stadtviertelweise abgestellt, Krankenh\u00e4user selbstredend eingeschlossen. Operationen sind zu einem alle Beteiligten unterhaltendem Russischen Roulett Spiel geworden.<\/p>\n<p>In einer PLATNOJ POLIKLINIK in einem anderen Stadtteil gab man mir letztendlich doch ein Fetzchen Film, den ich mir mit dem linken Zeigefinger an den rechten Sechser dr\u00fcckte, und die Aufnahme, die beweisen sollte, da\u00df ich keine F\u00e4ulnis habe, entstand. Zur\u00fcck bei Bella war der Strom wieder eingekehrt, der den treckerartigen Bohrer (Zitat <em>Bella) <\/em>zum Laufen brachte. Mit Hilfe von mehreren Litern Bet\u00e4ubungsmittel und Bellas goldenen H\u00e4nden, bekamen die drei Nerven ihr Fett weg. Morgen wird der Zahn dann noch einmal handgewaschen, desinfiziert, dann eine Woche abheilen gelassen und letztlich verplombt und evt. mit Titankrone versehen.<\/p>\n<p>&#8211;&gt; <a href=\"http:\/\/jkoehler.diskstation.me\/wordpress\/diaries\/tagebuch-leningrad-st-petersburg-tbilisi-1991-1993\/georgien-1992-93\/tbilisi-12-dezember-1992\/\">next page<\/a><\/p>\n","protected":false},"excerpt":{"rendered":"<p>Heut geht\u2019s ab zum Zahnarzt, den verfluchten Nerv ziehen zu lassen, Die letzten Tage &#8211; vor allem N\u00e4chte &#8211; habe ich nur noch mit Aspirin \u00fcberstanden. Der weiche Ljoscha vermittelte mir seine Lieblingszahn\u00e4rztin. Gestern einen franz\u00f6sischen Journalisten, Patrik, russischer Abstammung kennengelernt. Er arbeitet f\u00fcr die franz\u00f6sische Presseagentur vor allem hier in der kaukasischen Region. Er &hellip; <\/p>\n<p class=\"link-more\"><a href=\"http:\/\/jkoehler.diskstation.me\/wordpress\/diaries\/tagebuch-leningrad-st-petersburg-tbilisi-1991-1993\/georgien-1992-93\/tbilisi-10-dezember-1992\/\" class=\"more-link\">Continue reading<span class=\"screen-reader-text\"> &#8220;Tbilisi, 10. Dezember 1992: Zahnarzt und krimineller Nachbar&#8221;<\/span><\/a><\/p>\n","protected":false},"author":1,"featured_media":1186,"parent":1077,"menu_order":20,"comment_status":"closed","ping_status":"closed","template":"","meta":{"footnotes":""},"class_list":["post-1183","page","type-page","status-publish","has-post-thumbnail","hentry"],"_links":{"self":[{"href":"http:\/\/jkoehler.diskstation.me\/wordpress\/wp-json\/wp\/v2\/pages\/1183","targetHints":{"allow":["GET"]}}],"collection":[{"href":"http:\/\/jkoehler.diskstation.me\/wordpress\/wp-json\/wp\/v2\/pages"}],"about":[{"href":"http:\/\/jkoehler.diskstation.me\/wordpress\/wp-json\/wp\/v2\/types\/page"}],"author":[{"embeddable":true,"href":"http:\/\/jkoehler.diskstation.me\/wordpress\/wp-json\/wp\/v2\/users\/1"}],"replies":[{"embeddable":true,"href":"http:\/\/jkoehler.diskstation.me\/wordpress\/wp-json\/wp\/v2\/comments?post=1183"}],"version-history":[{"count":3,"href":"http:\/\/jkoehler.diskstation.me\/wordpress\/wp-json\/wp\/v2\/pages\/1183\/revisions"}],"predecessor-version":[{"id":1932,"href":"http:\/\/jkoehler.diskstation.me\/wordpress\/wp-json\/wp\/v2\/pages\/1183\/revisions\/1932"}],"up":[{"embeddable":true,"href":"http:\/\/jkoehler.diskstation.me\/wordpress\/wp-json\/wp\/v2\/pages\/1077"}],"wp:featuredmedia":[{"embeddable":true,"href":"http:\/\/jkoehler.diskstation.me\/wordpress\/wp-json\/wp\/v2\/media\/1186"}],"wp:attachment":[{"href":"http:\/\/jkoehler.diskstation.me\/wordpress\/wp-json\/wp\/v2\/media?parent=1183"}],"curies":[{"name":"wp","href":"https:\/\/api.w.org\/{rel}","templated":true}]}}