{"id":1090,"date":"2018-03-08T14:41:59","date_gmt":"2018-03-08T13:41:59","guid":{"rendered":"http:\/\/jkoehler.diskstation.me\/wordpress\/?page_id=1090"},"modified":"2019-03-16T14:15:42","modified_gmt":"2019-03-16T13:15:42","slug":"frankfurt-hamburg-10-1992","status":"publish","type":"page","link":"http:\/\/jkoehler.diskstation.me\/wordpress\/diaries\/tagebuch-leningrad-st-petersburg-tbilisi-1991-1993\/georgien-1992-93\/frankfurt-hamburg-10-1992\/","title":{"rendered":"Frankfurt-Hamburg ??.10.1992: Deutschlandbesuch"},"content":{"rendered":"<p><em>[Krankheitsbedingt (?) unterbrach ich meinen Aufenthalt in Tbilisi nach wenigen Wochen bzw. Tagen kurzentschlossen, fuhr nur mit meiner Milizumh\u00e4ngetasche raus zum Flughafen und \u00fcberzeugte den Flugkapit\u00e4n mich mit der unregelm\u00e4\u00dfig fliegenden Orbi-Machine mit nach Frankfurt zu nehmen; von dort fuhr ich dann, ohne mich irgendwo angek\u00fcndigt zu haben, \u00fcber K\u00f6ln, nach D\u00f6hle; in K\u00f6ln war Inna bei Bernd zu Gast, nach D\u00f6hle fuhr ich dann mit Inna gemeinsam; Inna wurde in der Heide vom Hund des Sch\u00e4fers gebissen, bekam 900 DM Entsch\u00e4digung. Ich lie\u00df Inna dann zur\u00fcck in D\u00f6hle und fuhr weiter zur Fee nach Berlin]<\/em><\/p>\n<p>&nbsp;<\/p>\n<p>Aufzeichnungen vom ersten Tag meiner R\u00fcckkehr nach Deutschland:<\/p>\n<pre>Seine Lippen sind versiegelt, jetzt.\r\n\r\nEs ist metallern hier im Kaltland,\r\n\r\nleicht pl\u00e4tschern die Stimmen der M\u00e4dchen dahin.\r\n\r\nEine Sonne endet unbeteiligt blutrot den Tag\r\n\r\nnur formal.<\/pre>\n<p>Es sind geschw\u00e4tzige kleine G\u00e4nse, die sich vielerorts gezeigt haben, nie etwas sahen, aber umso mehr dar\u00fcber sprechen. &#8220;Endlich wieder zu Hause, in deutschen Landen &#8211; obwohl, das Wetter war ja gut&#8221;<\/p>\n<p>Die goldenen Horden ziehen jetzt vom Westen aus gen Osten. Sie verbrennen die Erde mit ihrem Gold, und schaffen ab, was ihrem Hunger nach der Heimat im Wege sieht. &#8220;Das n\u00e4chste Mal nehme ich mir aber meine\u00a0 eigene Dusche mit, das kannst Du mir glauben.&#8221;<\/p>\n<p>An ihnen ist so \u00fcberhaupt nichts Wildes mehr. Rein gar nichts. Durch und durch, bis ins Mark, zivilisiert. Aufgeschwemmt und von von sich. Keine wilden Schw\u00e4ne mehr.<\/p>\n<p>&#8211;&gt; <a href=\"http:\/\/jkoehler.diskstation.me\/wordpress\/diaries\/tagebuch-leningrad-st-petersburg-tbilisi-1991-1993\/georgien-1992-93\/berlin-24-10-1992\/\">next page<\/a><\/p>\n","protected":false},"excerpt":{"rendered":"<p>[Krankheitsbedingt (?) unterbrach ich meinen Aufenthalt in Tbilisi nach wenigen Wochen bzw. Tagen kurzentschlossen, fuhr nur mit meiner Milizumh\u00e4ngetasche raus zum Flughafen und \u00fcberzeugte den Flugkapit\u00e4n mich mit der unregelm\u00e4\u00dfig fliegenden Orbi-Machine mit nach Frankfurt zu nehmen; von dort fuhr ich dann, ohne mich irgendwo angek\u00fcndigt zu haben, \u00fcber K\u00f6ln, nach D\u00f6hle; in K\u00f6ln war &hellip; <\/p>\n<p class=\"link-more\"><a href=\"http:\/\/jkoehler.diskstation.me\/wordpress\/diaries\/tagebuch-leningrad-st-petersburg-tbilisi-1991-1993\/georgien-1992-93\/frankfurt-hamburg-10-1992\/\" class=\"more-link\">Continue reading<span class=\"screen-reader-text\"> &#8220;Frankfurt-Hamburg ??.10.1992: Deutschlandbesuch&#8221;<\/span><\/a><\/p>\n","protected":false},"author":1,"featured_media":0,"parent":1077,"menu_order":2,"comment_status":"closed","ping_status":"closed","template":"","meta":{"footnotes":""},"class_list":["post-1090","page","type-page","status-publish","hentry"],"_links":{"self":[{"href":"http:\/\/jkoehler.diskstation.me\/wordpress\/wp-json\/wp\/v2\/pages\/1090","targetHints":{"allow":["GET"]}}],"collection":[{"href":"http:\/\/jkoehler.diskstation.me\/wordpress\/wp-json\/wp\/v2\/pages"}],"about":[{"href":"http:\/\/jkoehler.diskstation.me\/wordpress\/wp-json\/wp\/v2\/types\/page"}],"author":[{"embeddable":true,"href":"http:\/\/jkoehler.diskstation.me\/wordpress\/wp-json\/wp\/v2\/users\/1"}],"replies":[{"embeddable":true,"href":"http:\/\/jkoehler.diskstation.me\/wordpress\/wp-json\/wp\/v2\/comments?post=1090"}],"version-history":[{"count":7,"href":"http:\/\/jkoehler.diskstation.me\/wordpress\/wp-json\/wp\/v2\/pages\/1090\/revisions"}],"predecessor-version":[{"id":1913,"href":"http:\/\/jkoehler.diskstation.me\/wordpress\/wp-json\/wp\/v2\/pages\/1090\/revisions\/1913"}],"up":[{"embeddable":true,"href":"http:\/\/jkoehler.diskstation.me\/wordpress\/wp-json\/wp\/v2\/pages\/1077"}],"wp:attachment":[{"href":"http:\/\/jkoehler.diskstation.me\/wordpress\/wp-json\/wp\/v2\/media?parent=1090"}],"curies":[{"name":"wp","href":"https:\/\/api.w.org\/{rel}","templated":true}]}}